Last updated on 2016-10-24 23:48:18.
Flavor | Version | Tinstall | Tcheck | Ttotal | Status | Flags |
---|---|---|---|---|---|---|
r-devel-linux-x86_64-debian-clang | 0.4-7 | 0.60 | 12.09 | 12.70 | NOTE | |
r-devel-linux-x86_64-debian-gcc | 0.4-7 | 0.62 | 12.15 | 12.77 | NOTE | |
r-devel-linux-x86_64-fedora-clang | 0.4-7 | 22.88 | NOTE | |||
r-devel-linux-x86_64-fedora-gcc | 0.4-7 | 21.43 | NOTE | |||
r-devel-macos-x86_64-clang | 0.4-7 | 20.59 | NOTE | |||
r-devel-windows-ix86+x86_64 | 0.4-7 | 4.00 | 43.00 | 47.00 | NOTE | |
r-patched-linux-x86_64 | 0.4-7 | 0.54 | 11.23 | 11.77 | NOTE | |
r-patched-solaris-sparc | 0.4-7 | 117.30 | NOTE | |||
r-patched-solaris-x86 | 0.4-7 | 27.90 | NOTE | |||
r-release-linux-x86_64 | 0.4-7 | 0.76 | 11.39 | 12.15 | NOTE | |
r-release-osx-x86_64-mavericks | 0.4-7 | NOTE | ||||
r-release-windows-ix86+x86_64 | 0.4-7 | 4.00 | 31.00 | 35.00 | NOTE | |
r-oldrel-windows-ix86+x86_64 | 0.4-7 | 6.00 | 42.00 | 48.00 | NOTE |
Version: 0.4-7
Check: DESCRIPTION meta-information
Result: NOTE
Malformed Description field: should contain one or more complete sentences.
Flavors: r-devel-linux-x86_64-debian-clang, r-devel-linux-x86_64-debian-gcc, r-devel-linux-x86_64-fedora-clang, r-devel-linux-x86_64-fedora-gcc, r-devel-macos-x86_64-clang, r-devel-windows-ix86+x86_64, r-patched-linux-x86_64, r-patched-solaris-sparc, r-patched-solaris-x86, r-release-linux-x86_64, r-release-osx-x86_64-mavericks, r-release-windows-ix86+x86_64, r-oldrel-windows-ix86+x86_64