CRAN Package Check Results for Package gridsampler

Last updated on 2016-10-24 23:48:18.

Flavor Version Tinstall Tcheck Ttotal Status Flags
r-devel-linux-x86_64-debian-clang 0.5 1.33 44.57 45.89 OK
r-devel-linux-x86_64-debian-gcc 0.5 1.50 41.31 42.82 OK
r-devel-linux-x86_64-fedora-clang 0.5 82.29 NOTE
r-devel-linux-x86_64-fedora-gcc 0.5 81.25 NOTE
r-devel-macos-x86_64-clang 0.5 60.97 NOTE
r-devel-windows-ix86+x86_64 0.5 7.00 99.00 106.00 OK
r-patched-linux-x86_64 0.5 1.32 41.05 42.37 OK
r-patched-solaris-sparc 0.5 459.80 NOTE
r-patched-solaris-x86 0.5 93.60 NOTE
r-release-linux-x86_64 0.5 1.40 39.28 40.68 OK
r-release-osx-x86_64-mavericks 0.5 NOTE
r-release-windows-ix86+x86_64 0.5 8.00 94.00 102.00 OK
r-oldrel-windows-ix86+x86_64 0.5 7.00 99.00 106.00 NOTE

Check Details

Version: 0.5
Check: dependencies in R code
Result: NOTE
    Namespace in Imports field not imported from: ‘BiasedUrn’
     All declared Imports should be used.
Flavors: r-devel-linux-x86_64-fedora-clang, r-devel-linux-x86_64-fedora-gcc, r-devel-macos-x86_64-clang, r-patched-solaris-sparc, r-patched-solaris-x86, r-release-osx-x86_64-mavericks, r-oldrel-windows-ix86+x86_64