CRAN Package Check Results for Package gset

Last updated on 2016-10-24 23:48:18.

Flavor Version Tinstall Tcheck Ttotal Status Flags
r-devel-linux-x86_64-debian-clang 1.1.0 3.16 44.11 47.27 NOTE
r-devel-linux-x86_64-debian-gcc 1.1.0 3.18 43.95 47.13 NOTE
r-devel-linux-x86_64-fedora-clang 1.1.0 108.47 NOTE
r-devel-linux-x86_64-fedora-gcc 1.1.0 105.28 NOTE
r-devel-macos-x86_64-clang 1.1.0 79.37 NOTE
r-devel-windows-ix86+x86_64 1.1.0 15.00 114.00 129.00 NOTE
r-patched-linux-x86_64 1.1.0 3.25 43.41 46.66 NOTE
r-patched-solaris-sparc 1.1.0 596.00 NOTE
r-patched-solaris-x86 1.1.0 134.10 NOTE
r-release-linux-x86_64 1.1.0 3.92 42.66 46.58 NOTE
r-release-osx-x86_64-mavericks 1.1.0 NOTE
r-release-windows-ix86+x86_64 1.1.0 15.00 82.00 97.00 NOTE
r-oldrel-windows-ix86+x86_64 1.1.0 15.00 108.00 123.00 OK

Check Details

Version: 1.1.0
Check: R code for possible problems
Result: NOTE
    binding: no visible global function definition for ‘rnorm’
    binding: no visible binding for global variable ‘var’
    binding: no visible global function definition for ‘uniroot’
    equivonly: no visible global function definition for ‘rnorm’
    equivonly: no visible binding for global variable ‘var’
    equivonly: no visible global function definition for ‘uniroot’
    figureE: no visible global function definition for ‘rgb’
    figureEF: no visible global function definition for ‘rgb’
    nfix : f: no visible global function definition for ‘pnorm’
    nfix : f: no visible global function definition for ‘qnorm’
    nfix: no visible global function definition for ‘uniroot’
    nonbinding: no visible global function definition for ‘rnorm’
    nonbinding: no visible binding for global variable ‘var’
    nonbinding: no visible global function definition for ‘uniroot’
    oc: no visible global function definition for ‘rnorm’
    oc: no visible global function definition for ‘var’
    Undefined global functions or variables:
     pnorm qnorm rgb rnorm uniroot var
    Consider adding
     importFrom("grDevices", "rgb")
     importFrom("stats", "pnorm", "qnorm", "rnorm", "uniroot", "var")
    to your NAMESPACE file.
Flavors: r-devel-linux-x86_64-debian-clang, r-devel-linux-x86_64-debian-gcc, r-devel-linux-x86_64-fedora-clang, r-devel-linux-x86_64-fedora-gcc, r-devel-macos-x86_64-clang, r-devel-windows-ix86+x86_64, r-patched-linux-x86_64, r-patched-solaris-sparc, r-patched-solaris-x86, r-release-linux-x86_64, r-release-osx-x86_64-mavericks, r-release-windows-ix86+x86_64