Last updated on 2016-10-24 23:48:18.
Flavor | Version | Tinstall | Tcheck | Ttotal | Status | Flags |
---|---|---|---|---|---|---|
r-devel-linux-x86_64-debian-clang | 3.10.0.8 | 18.61 | 50.56 | 69.17 | NOTE | |
r-devel-linux-x86_64-debian-gcc | 3.10.0.8 | 23.58 | 50.11 | 73.69 | NOTE | |
r-devel-linux-x86_64-fedora-clang | 3.10.0.8 | 87.38 | NOTE | |||
r-devel-linux-x86_64-fedora-gcc | 3.10.0.8 | 83.69 | NOTE | |||
r-devel-macos-x86_64-clang | 3.10.0.8 | 69.48 | NOTE | |||
r-devel-windows-ix86+x86_64 | 3.10.0.8 | 77.00 | 113.00 | 190.00 | NOTE | |
r-patched-linux-x86_64 | 3.10.0.8 | 26.64 | 48.88 | 75.52 | NOTE | |
r-patched-solaris-sparc | 3.10.0.8 | 531.10 | NOTE | |||
r-patched-solaris-x86 | 3.10.0.8 | 105.20 | NOTE | |||
r-release-linux-x86_64 | 3.10.0.8 | 18.43 | 48.93 | 67.37 | NOTE | |
r-release-osx-x86_64-mavericks | 3.10.0.8 | NOTE | ||||
r-release-windows-ix86+x86_64 | 3.10.0.8 | 74.00 | 146.00 | 220.00 | NOTE | |
r-oldrel-windows-ix86+x86_64 | 3.10.0.8 | 78.00 | 111.00 | 189.00 | NOTE |
Version: 3.10.0.8
Check: installed package size
Result: NOTE
installed size is 63.6Mb
sub-directories of 1Mb or more:
java 62.4Mb
Flavors: r-devel-linux-x86_64-debian-clang, r-devel-linux-x86_64-debian-gcc, r-devel-linux-x86_64-fedora-clang, r-devel-linux-x86_64-fedora-gcc, r-devel-macos-x86_64-clang, r-devel-windows-ix86+x86_64, r-patched-linux-x86_64, r-patched-solaris-sparc, r-patched-solaris-x86, r-release-linux-x86_64, r-release-osx-x86_64-mavericks, r-release-windows-ix86+x86_64, r-oldrel-windows-ix86+x86_64