Last updated on 2016-10-24 23:48:18.
Flavor | Version | Tinstall | Tcheck | Ttotal | Status | Flags |
---|---|---|---|---|---|---|
r-devel-linux-x86_64-debian-clang | 0.1.0 | 21.61 | 18.29 | 39.90 | NOTE | |
r-devel-linux-x86_64-debian-gcc | 0.1.0 | 25.21 | 18.15 | 43.36 | NOTE | |
r-devel-linux-x86_64-fedora-clang | 0.1.0 | 74.41 | NOTE | |||
r-devel-linux-x86_64-fedora-gcc | 0.1.0 | 77.03 | NOTE | |||
r-devel-macos-x86_64-clang | 0.1.0 | 52.08 | OK | |||
r-devel-windows-ix86+x86_64 | 0.1.0 | 84.00 | 64.00 | 148.00 | OK | |
r-patched-linux-x86_64 | 0.1.0 | 23.68 | 17.74 | 41.42 | NOTE | |
r-patched-solaris-sparc | 0.1.0 | 419.20 | NOTE | |||
r-patched-solaris-x86 | 0.1.0 | 78.30 | NOTE | |||
r-release-linux-x86_64 | 0.1.0 | 23.18 | 16.43 | 39.61 | NOTE | |
r-release-osx-x86_64-mavericks | 0.1.0 | NOTE | ||||
r-release-windows-ix86+x86_64 | 0.1.0 | 82.00 | 82.00 | 164.00 | OK | |
r-oldrel-windows-ix86+x86_64 | 0.1.0 | 72.00 | 68.00 | 140.00 | OK |
Version: 0.1.0
Check: installed package size
Result: NOTE
installed size is 7.5Mb
sub-directories of 1Mb or more:
libs 7.2Mb
Flavors: r-devel-linux-x86_64-debian-clang, r-devel-linux-x86_64-debian-gcc, r-devel-linux-x86_64-fedora-clang, r-devel-linux-x86_64-fedora-gcc, r-patched-linux-x86_64, r-release-linux-x86_64, r-release-osx-x86_64-mavericks
Version: 0.1.0
Check: package dependencies
Result: NOTE
Package suggested but not available for checking: ‘microbenchmark’
Flavors: r-patched-solaris-sparc, r-patched-solaris-x86