CRAN Package Check Results for Package hbmem

Last updated on 2016-10-24 23:48:18.

Flavor Version Tinstall Tcheck Ttotal Status Flags
r-devel-linux-x86_64-debian-clang 0.3 3.23 39.49 42.72 NOTE
r-devel-linux-x86_64-debian-gcc 0.3 3.62 39.19 42.82 NOTE
r-devel-linux-x86_64-fedora-clang 0.3 76.44 NOTE
r-devel-linux-x86_64-fedora-gcc 0.3 71.73 NOTE
r-devel-macos-x86_64-clang 0.3 68.38 NOTE
r-devel-windows-ix86+x86_64 0.3 15.00 85.00 100.00 NOTE
r-patched-linux-x86_64 0.3 3.26 37.98 41.23 NOTE
r-patched-solaris-sparc 0.3 483.60 NOTE
r-patched-solaris-x86 0.3 86.10 NOTE
r-release-linux-x86_64 0.3 3.04 37.27 40.31 NOTE
r-release-osx-x86_64-mavericks 0.3 NOTE
r-release-windows-ix86+x86_64 0.3 13.00 85.00 98.00 NOTE
r-oldrel-windows-ix86+x86_64 0.3 14.00 82.00 96.00 OK

Check Details

Version: 0.3
Check: R code for possible problems
Result: NOTE
    dpsdFullSample: no visible global function definition for ‘rnorm’
    dpsdFullSample: no visible global function definition for
     ‘txtProgressBar’
    dpsdFullSample: no visible global function definition for ‘rbinom’
    dpsdFullSample: no visible global function definition for ‘rgamma’
    dpsdFullSample: no visible global function definition for
     ‘setTxtProgressBar’
    dpsdFullSim: no visible global function definition for ‘qnorm’
    dpsdFullSim: no visible global function definition for ‘rnorm’
    dpsdFullSim: no visible global function definition for ‘pnorm’
    dpsdFullSim: no visible global function definition for ‘rmultinom’
    dpsdPosSample: no visible global function definition for ‘rnorm’
    dpsdPosSample: no visible global function definition for
     ‘txtProgressBar’
    dpsdPosSample: no visible global function definition for ‘rbinom’
    dpsdPosSample: no visible global function definition for
     ‘setTxtProgressBar’
    dpsdPosSample: no visible global function definition for ‘tail’
    dpsdPosSim: no visible global function definition for ‘qnorm’
    dpsdPosSim: no visible global function definition for ‘rnorm’
    dpsdPosSim: no visible global function definition for ‘pnorm’
    dpsdPosSim: no visible global function definition for ‘rmultinom’
    dpsdProbs: no visible global function definition for ‘pnorm’
    dpsdRNSample: no visible global function definition for ‘rnorm’
    dpsdRNSample: no visible global function definition for
     ‘txtProgressBar’
    dpsdRNSample: no visible global function definition for ‘rgamma’
    dpsdRNSample: no visible global function definition for ‘rbinom’
    dpsdRNSample: no visible global function definition for
     ‘setTxtProgressBar’
    dpsdRNSample: no visible global function definition for ‘tail’
    dpsdRNSim: no visible global function definition for ‘qnorm’
    dpsdRNSim: no visible global function definition for ‘rnorm’
    dpsdRNSim: no visible global function definition for ‘pnorm’
    dpsdRNSim: no visible global function definition for ‘rmultinom’
    dpsdRestSample: no visible global function definition for ‘rnorm’
    dpsdRestSample: no visible global function definition for
     ‘txtProgressBar’
    dpsdRestSample: no visible global function definition for ‘rbinom’
    dpsdRestSample: no visible global function definition for ‘rgamma’
    dpsdRestSample: no visible global function definition for
     ‘setTxtProgressBar’
    dpsdRestSample: no visible global function definition for ‘tail’
    dpsdSample: no visible global function definition for ‘rnorm’
    dpsdSample: no visible global function definition for ‘txtProgressBar’
    dpsdSample: no visible global function definition for ‘rbinom’
    dpsdSample: no visible global function definition for
     ‘setTxtProgressBar’
    dpsdSample: no visible global function definition for ‘tail’
    dpsdSample2: no visible global function definition for ‘rnorm’
    dpsdSample2: no visible global function definition for ‘txtProgressBar’
    dpsdSample2: no visible global function definition for ‘rbinom’
    dpsdSample2: no visible global function definition for
     ‘setTxtProgressBar’
    dpsdSample2: no visible global function definition for ‘tail’
    dpsdSim: no visible global function definition for ‘qnorm’
    dpsdSim: no visible global function definition for ‘rnorm’
    dpsdSim: no visible global function definition for ‘pnorm’
    dpsdSim: no visible global function definition for ‘rmultinom’
    gammaLikeSample: no visible global function definition for
     ‘txtProgressBar’
    gammaLikeSample: no visible global function definition for ‘rnorm’
    gammaLikeSample: no visible global function definition for ‘rbinom’
    gammaLikeSample: no visible global function definition for ‘pgamma’
    gammaLikeSample: no visible global function definition for
     ‘setTxtProgressBar’
    gammaLikeSample: no visible global function definition for ‘tail’
    gammaLikeSim: no visible global function definition for ‘rnorm’
    gammaLikeSim: no visible global function definition for ‘rmultinom’
    gammaProbs: no visible global function definition for ‘pgamma’
    gammaSample: no visible global function definition for ‘txtProgressBar’
    gammaSample: no visible global function definition for ‘rnorm’
    gammaSample: no visible global function definition for ‘rbinom’
    gammaSample: no visible global function definition for
     ‘setTxtProgressBar’
    gammaSample: no visible global function definition for ‘tail’
    gammaSim: no visible global function definition for ‘rnorm’
    gammaSim: no visible global function definition for ‘rmultinom’
    normalSim: no visible global function definition for ‘rnorm’
    samplePosNorm: no visible global function definition for ‘rgamma’
    samplePosNorm: no visible global function definition for ‘rnorm’
    samplePosNorm: no visible global function definition for ‘rbinom’
    uvsdProbs: no visible global function definition for ‘pnorm’
    uvsdSample: no visible global function definition for ‘txtProgressBar’
    uvsdSample: no visible global function definition for ‘rnorm’
    uvsdSample: no visible global function definition for ‘rbinom’
    uvsdSample: no visible global function definition for
     ‘setTxtProgressBar’
    uvsdSample: no visible global function definition for ‘tail’
    uvsdSim: no visible global function definition for ‘rnorm’
    uvsdSim: no visible global function definition for ‘rmultinom’
    Undefined global functions or variables:
     pgamma pnorm qnorm rbinom rgamma rmultinom rnorm setTxtProgressBar
     tail txtProgressBar
    Consider adding
     importFrom("stats", "pgamma", "pnorm", "qnorm", "rbinom", "rgamma",
     "rmultinom", "rnorm")
     importFrom("utils", "setTxtProgressBar", "tail", "txtProgressBar")
    to your NAMESPACE file.
Flavors: r-devel-linux-x86_64-debian-clang, r-devel-linux-x86_64-debian-gcc, r-devel-linux-x86_64-fedora-clang, r-devel-linux-x86_64-fedora-gcc, r-devel-macos-x86_64-clang, r-devel-windows-ix86+x86_64, r-patched-linux-x86_64, r-patched-solaris-sparc, r-patched-solaris-x86, r-release-linux-x86_64, r-release-osx-x86_64-mavericks, r-release-windows-ix86+x86_64

Version: 0.3
Check: Rd line widths
Result: NOTE
    Rd file 'cond.rest.betaD.Rd':
     \usage lines wider than 90 characters:
     cond.rest.betaD(wD, muD, alphaD, betaD, thetaD, wR, muR, alphaR, betaR, sub, item, lag, sig2beta)
    
    Rd file 'cond.thetaD.Rd':
     \usage lines wider than 90 characters:
     cond.thetaD(wD, muD, alphaD, betaD, thetaD, wR, muR, alphaR, betaR, sub, item, lag, sig2theta)
    
    Rd file 'dpsdFullSim.Rd':
     \usage lines wider than 90 characters:
     dpsdFullSim(I = 30, J = 200, K = 6, muN = -0.7, s2aN = 0.2, s2bN = 0.2, muD = 0, s2aD = 0.2, s2bD = 0.2, muR = qnorm(0.25), phiA = 1, e ... [TRUNCATED]
    
    Rd file 'dpsdPosLogLike.Rd':
     \usage lines wider than 90 characters:
     dpsdPosLogLike(R, NN, NS, I, JN, JS, K, dat, cond, Scond, sub, item,lag, blockN, blockD, blockR, crit)
    
    Rd file 'dpsdRNSim.Rd':
     \usage lines wider than 90 characters:
     dpsdRNSim(NN = 2, NS = 1, I = 30, J = 200, K = 6, muN = c(-0.7, -0.5), s2aN = 0.2, s2bN = 0.2, muS = 0, s2aS = 0.2, s2bS = 0.2, muR = q ... [TRUNCATED]
    
    Rd file 'gammaLikeLogLike.Rd':
     \usage lines wider than 90 characters:
     gammaLikeLogLike(R, NN, NS, I, J, K, dat, cond, Scond, subj, item, lag, blockN, blockS, crit, shape)
    
    Rd file 'gammaLikeSim.Rd':
     \usage lines wider than 90 characters:
     gammaLikeSim(NN = 1, NS = 1, I = 30, J = 200, K = 6, muS = log(0.5), s2aS = 0.2, s2bS = 0.2, lagEffect = 0, shape = 2, crit = matrix(re ... [TRUNCATED]
    
    Rd file 'gammaLogLike.Rd':
     \usage lines wider than 90 characters:
     gammaLogLike(R, NN, NS, I, J, K, dat, cond, Scond, subj, item, lag, blockN, blockS, crit, shape)
    
    Rd file 'sampleNorm2.Rd':
     \usage lines wider than 90 characters:
     sampleNorm2(sample, y, cond, subj, item, lag, N, I, J, R, ncond, nsub, nitem, s2mu, s2a, s2b, meta, metb, sigma2, sampLag = 1, Hier = 1 ... [TRUNCATED]
    
    Rd file 'sampleNormR.Rd':
     \examples lines wider than 100 characters:
     tmp=sampleNormR(blockR[m-1,],phi,blockD,sim$resp,sim$subj,sim$item,sim$lag,I,J,I*J,table(sim$sub),table(sim$item),10,.01,.01,met[1],met ... [TRUNCATED]
     tmp=sampleNorm(s.block[m-1,],sim$resp,rep(0,length(sim$resp)),sim$subj,sim$item,sim$lag,1,I,J,R,R,table(sim$subj),
    
    Rd file 'sampleNormb.Rd':
     \usage lines wider than 90 characters:
     sampleNormb(sample,y,cond,subj,item,lag,N,I,J,R,ncond,nsub,nitem,s2mu,s2a,s2b,meta,metb,blockSigma2,sampLag=1,Hier=1)
     \examples lines wider than 100 characters:
     tmp=sampleNormb(blockS[m-1,],resp,cond,subj,item,lag,N,I,J,I*J,ncond,nsub,nitem,10,.01,.01,.02,.005,blockS2[m-1,],1,1)
     tmp=sampleSig2b(blockS2[m-1,],resp,cond,subj,item,lag,N,I,J,I*J,ncond,nsub,nitem,10,.01,.01,met,blockS[m,],1,1)
    
    Rd file 'sampleSig2b.Rd':
     \usage lines wider than 90 characters:
     sampleSig2b(sample,y,cond,sub,item,lag,N,I,J,R,ncond,nsub,nitem,s2mu,s2a,s2b,met,blockMean,sampLag=1,Hier=1)
    
    Rd file 'uvsdSim.Rd':
     \usage lines wider than 90 characters:
     muS2 = log(1), s2aS2 = 0, s2bS2 = 0,lagEffect = -0.001,crit = matrix(rep(c(-1.5,-0.5, 0, 0.5, 1.5), each = I), ncol = (K - 1)))
    
    These lines will be truncated in the PDF manual.
Flavors: r-devel-linux-x86_64-debian-clang, r-devel-linux-x86_64-debian-gcc, r-devel-linux-x86_64-fedora-clang, r-devel-linux-x86_64-fedora-gcc, r-patched-linux-x86_64, r-release-linux-x86_64