CRAN Package Check Results for Package hierarchicalSets

Last updated on 2016-10-24 23:48:18.

Flavor Version Tinstall Tcheck Ttotal Status Flags
r-devel-linux-x86_64-debian-clang 1.0.2 16.03 42.45 58.48 NOTE
r-devel-linux-x86_64-debian-gcc 1.0.2 16.56 43.08 59.64 NOTE
r-devel-linux-x86_64-fedora-clang 1.0.2 128.84 NOTE
r-devel-linux-x86_64-fedora-gcc 1.0.2 128.42 NOTE
r-devel-macos-x86_64-clang 1.0.2 93.15 NOTE
r-devel-windows-ix86+x86_64 1.0.2 70.00 140.00 210.00 NOTE
r-patched-linux-x86_64 1.0.2 14.59 42.73 57.31 NOTE
r-patched-solaris-sparc 1.0.2 719.70 NOTE
r-patched-solaris-x86 1.0.2 145.50 NOTE
r-release-linux-x86_64 1.0.2 14.39 41.96 56.35 NOTE
r-release-osx-x86_64-mavericks 1.0.2 NOTE
r-release-windows-ix86+x86_64 1.0.2 68.00 102.00 170.00 NOTE
r-oldrel-windows-ix86+x86_64 1.0.2 72.00 158.00 230.00 NOTE

Check Details

Version: 1.0.2
Check: dependencies in R code
Result: NOTE
    Unexported objects imported by ':::' calls:
     ‘ggplot2:::build_guides’ ‘ggplot2:::guide_axis’
     ‘ggplot2:::scales_list’
     See the note in ?`:::` about the use of this operator.
Flavors: r-devel-linux-x86_64-debian-clang, r-devel-linux-x86_64-debian-gcc, r-devel-linux-x86_64-fedora-clang, r-devel-linux-x86_64-fedora-gcc, r-devel-macos-x86_64-clang, r-devel-windows-ix86+x86_64, r-patched-linux-x86_64, r-patched-solaris-sparc, r-patched-solaris-x86, r-release-linux-x86_64, r-release-osx-x86_64-mavericks, r-release-windows-ix86+x86_64, r-oldrel-windows-ix86+x86_64