CRAN Package Check Results for Package hydroTSM

Last updated on 2016-10-24 23:48:19.

Flavor Version Tinstall Tcheck Ttotal Status Flags
r-devel-linux-x86_64-debian-clang 0.4-2-1 2.79 46.55 49.34 NOTE
r-devel-linux-x86_64-debian-gcc 0.4-2-1 2.84 46.28 49.12 NOTE
r-devel-linux-x86_64-fedora-clang 0.4-2-1 93.68 NOTE
r-devel-linux-x86_64-fedora-gcc 0.4-2-1 88.97 NOTE
r-devel-macos-x86_64-clang 0.4-2-1 77.55 NOTE
r-devel-windows-ix86+x86_64 0.4-2-1 13.00 159.00 172.00 NOTE
r-patched-linux-x86_64 0.4-2-1 2.67 47.28 49.95 NOTE
r-patched-solaris-sparc 0.4-2-1 594.10 NOTE
r-patched-solaris-x86 0.4-2-1 119.30 NOTE
r-release-linux-x86_64 0.4-2-1 2.62 45.36 47.98 NOTE
r-release-osx-x86_64-mavericks 0.4-2-1 NOTE
r-release-windows-ix86+x86_64 0.4-2-1 14.00 116.00 130.00 NOTE
r-oldrel-windows-ix86+x86_64 0.4-2-1 12.00 164.00 176.00 NOTE

Check Details

Version: 0.4-2-1
Check: dependencies in R code
Result: NOTE
    'library' or 'require' calls in package code:
     ‘lattice’ ‘maptools’
     Please use :: or requireNamespace() instead.
     See section 'Suggested packages' in the 'Writing R Extensions' manual.
Flavors: r-devel-linux-x86_64-debian-clang, r-devel-linux-x86_64-debian-gcc, r-devel-linux-x86_64-fedora-clang, r-devel-linux-x86_64-fedora-gcc, r-devel-macos-x86_64-clang, r-devel-windows-ix86+x86_64, r-patched-linux-x86_64, r-patched-solaris-sparc, r-patched-solaris-x86, r-release-linux-x86_64, r-release-osx-x86_64-mavericks, r-release-windows-ix86+x86_64, r-oldrel-windows-ix86+x86_64

Version: 0.4-2-1
Check: S3 generic/method consistency
Result: NOTE
    Found the following apparent S3 methods exported but not registered:
     annualfunction.data.frame annualfunction.default
     annualfunction.matrix daily2annual.data.frame daily2annual.default
     daily2annual.matrix daily2monthly.data.frame daily2monthly.default
     daily2monthly.matrix dm2seasonal.data.frame dm2seasonal.default
     dm2seasonal.matrix dwdays.data.frame dwdays.default dwdays.matrix
     dwi.data.frame dwi.default dwi.matrix extract.default fdc.data.frame
     fdc.default fdc.matrix fdcu.data.frame fdcu.default fdcu.matrix
     hydrokrige.data.frame hydrokrige.default infillxy.data.frame
     infillxy.default infillxy.matrix istdx.data.frame istdx.default
     istdx.matrix izoo2rzoo.default izoo2rzoo.zoo ma.default ma.zoo
     monthlyfunction.data.frame monthlyfunction.default
     monthlyfunction.matrix seasonalfunction.data.frame
     seasonalfunction.default seasonalfunction.matrix smry.Date
     smry.data.frame smry.default smry.matrix stdx.data.frame stdx.default
     stdx.matrix subdaily2daily.data.frame subdaily2daily.default
     subdaily2daily.matrix
    See section ‘Registering S3 methods’ in the ‘Writing R Extensions’
    manual.
Flavors: r-devel-linux-x86_64-debian-clang, r-devel-linux-x86_64-debian-gcc, r-devel-linux-x86_64-fedora-clang, r-devel-linux-x86_64-fedora-gcc, r-devel-macos-x86_64-clang, r-patched-linux-x86_64, r-patched-solaris-sparc, r-patched-solaris-x86, r-release-linux-x86_64

Version: 0.4-2-1
Check: R code for possible problems
Result: NOTE
    .hydroplotboxplot: no visible global function definition for ‘time’
    .hydroplotboxplot: no visible global function definition for ‘boxplot’
    .hydroplothist: no visible global function definition for ‘hist’
    .hydroplotseasonal: no visible global function definition for ‘par’
    .hydroplotseasonal: no visible global function definition for ‘layout’
    .hydroplotseasonal: no visible global function definition for
     ‘plot.xts’
    .hydroplotseasonal: no visible global function definition for ‘axis’
    .hydroplotseasonal: no visible global function definition for ‘abline’
    .hydroplotseasonal: no visible global function definition for ‘boxplot’
    .hydroplotts: no visible global function definition for ‘plot.xts’
    .hydroplotts: no visible global function definition for ‘axis’
    .hydroplotts: no visible global function definition for ‘lines’
    .hydroplotts: no visible global function definition for ‘legend’
    annualfunction.zoo: no visible global function definition for ‘time’
    annualfunction.zoo: no visible global function definition for
     ‘aggregate’
    daily2annual.data.frame: no visible global function definition for
     ‘time’
    daily2annual.zoo: no visible global function definition for ‘time’
    daily2annual.zoo: no visible global function definition for ‘aggregate’
    daily2annual.zoo: no visible global function definition for ‘time<-’
    daily2monthly.data.frame: no visible global function definition for
     ‘time’
    daily2monthly.zoo: no visible global function definition for ‘time’
    daily2monthly.zoo: no visible global function definition for
     ‘aggregate’
    dm2seasonal.zoo: no visible global function definition for ‘time’
    dm2seasonal.zoo: no visible global function definition for ‘aggregate’
    dm2seasonal.zoo: no visible global function definition for ‘time<-’
    drawTimeAxis: no visible global function definition for ‘xy.coords’
    drawTimeAxis: no visible global function definition for ‘axis’
    drawTimeAxis: no visible global function definition for ‘index’
    drawTimeAxis: no visible global function definition for ‘time’
    drawTimeAxis: no visible global function definition for ‘box’
    dwdays.default: no visible global function definition for ‘time’
    dwi.default: no visible global function definition for ‘start’
    dwi.default: no visible global function definition for ‘end’
    dwi.zoo: no visible global function definition for ‘start’
    dwi.zoo: no visible global function definition for ‘end’
    dwi.zoo: no visible global function definition for ‘window’
    dwi.zoo: no visible global function definition for ‘time’
    dwi.zoo: no visible global function definition for ‘aggregate’
    dwi.zoo: no visible global function definition for ‘index’
    extract.zoo: no visible global function definition for ‘time’
    fdc.data.frame: no visible global function definition for ‘palette’
    fdc.default: no visible global function definition for ‘lines’
    fdc.default: no visible global function definition for ‘Axis’
    fdc.default: no visible global function definition for ‘abline’
    fdc.default: no visible global function definition for ‘legend’
    fdc.matrix: no visible global function definition for ‘palette’
    fdc.matrix : <anonymous>: no visible global function definition for
     ‘points’
    fdc.matrix: no visible global function definition for ‘legend’
    fdc.zoo: no visible global function definition for ‘palette’
    fdcu.data.frame: no visible global function definition for ‘palette’
    fdcu.default: no visible global function definition for ‘polygon’
    fdcu.default: no visible global function definition for ‘lines’
    fdcu.default: no visible global function definition for ‘points’
    fdcu.default: no visible global function definition for ‘Axis’
    fdcu.default: no visible global function definition for ‘legend’
    fdcu.default: no visible global function definition for ‘abline’
    fdcu.matrix: no visible global function definition for ‘palette’
    fdcu.matrix : <anonymous>: no visible global function definition for
     ‘lines’
    fdcu.matrix : <anonymous>: no visible global function definition for
     ‘points’
    fdcu.matrix: no visible global function definition for ‘par’
    fdcu.matrix: no visible global function definition for ‘legend’
    gists2spt: no visible global function definition for ‘coordinates<-’
    gists2spt: no visible global function definition for ‘proj4string<-’
    hydrokrige.data.frame: no visible global function definition for ‘CRS’
    hydrokrige.data.frame: no visible global function definition for
     ‘hasArg’
    hydrokrige.data.frame: no visible global function definition for
     ‘proj4string<-’
    hydrokrige.data.frame: no visible global function definition for
     ‘spsample’
    hydrokrige.data.frame: no visible global function definition for
     ‘gridded<-’
    hydrokrige.data.frame: no visible global function definition for
     ‘write.csv’
    hydrokrige.data.frame: no visible global function definition for
     ‘write.csv2’
    hydrokrige.default: no visible global function definition for ‘CRS’
    hydrokrige.default: no visible global function definition for ‘hasArg’
    hydrokrige.default: no visible global function definition for
     ‘proj4string<-’
    hydrokrige.default: no visible global function definition for
     ‘spsample’
    hydrokrige.default: no visible global function definition for
     ‘gridded<-’
    hydrokrige.default: no visible global function definition for ‘overlay’
    hydrokrige.default: no visible global function definition for ‘as’
    hydrokrige.default: no visible global function definition for
     ‘SpatialPoints’
    hydrokrige.default: no visible global function definition for
     ‘layout.north.arrow’
    hydrokrige.default: no visible global function definition for
     ‘layout.scale.bar’
    hydrokrige.default: no visible global function definition for
     ‘colorRampPalette’
    hydrokrige.default: no visible global function definition for ‘dev.set’
    hydrokrige.default: no visible global function definition for
     ‘dev.list’
    hydrokrige.default: no visible global function definition for ‘dev.new’
    hydropairs : panel.cor: no visible global function definition for ‘par’
    hydropairs : panel.cor: no visible global function definition for ‘cor’
    hydropairs : panel.cor: no visible global function definition for
     ‘strwidth’
    hydropairs : panel.cor: no visible global function definition for
     ‘cor.test’
    hydropairs : panel.cor: no visible global function definition for
     ‘symnum’
    hydropairs : panel.cor: no visible global function definition for
     ‘text’
    hydropairs : panel.hist: no visible global function definition for
     ‘par’
    hydropairs : panel.hist: no visible global function definition for
     ‘hist’
    hydropairs : panel.hist: no visible global function definition for
     ‘rect’
    hydropairs: no visible global function definition for ‘pairs’
    hydropairs: no visible binding for global variable ‘panel.smooth’
    hydroplot: no visible global function definition for ‘time’
    hydroplot: no visible global function definition for ‘window’
    hydroplot: no visible global function definition for ‘par’
    hypsometric: no visible global function definition for ‘plot.stepfun’
    hypsometric: no visible global function definition for ‘ecdf’
    hypsometric: no visible global function definition for ‘plot’
    hypsometric: no visible global function definition for ‘Axis’
    hypsometric: no visible global function definition for ‘splinefun’
    hypsometric: no visible global function definition for ‘integrate’
    hypsometric: no visible global function definition for ‘legend’
    izoo2rzoo.default: no visible global function definition for ‘start’
    izoo2rzoo.default: no visible global function definition for ‘end’
    izoo2rzoo.zoo: no visible global function definition for ‘start’
    izoo2rzoo.zoo: no visible global function definition for ‘end’
    izoo2rzoo.zoo: no visible global function definition for ‘time’
    izoo2rzoo.zoo: no visible global function definition for ‘time<-’
    izoo2rzoo.zoo: no visible global function definition for ‘window’
    ma.default: no visible global function definition for ‘filter’
    matrixplot: no visible global function definition for
     ‘colorRampPalette’
    matrixplot: no visible global function definition for ‘levelplot’
    monthlyfunction.data.frame: no visible global function definition for
     ‘start’
    monthlyfunction.data.frame: no visible global function definition for
     ‘end’
    monthlyfunction.data.frame: no visible global function definition for
     ‘time’
    monthlyfunction.zoo: no visible global function definition for ‘time’
    monthlyfunction.zoo: no visible global function definition for
     ‘aggregate’
    mspplot: no visible global function definition for ‘CRS’
    mspplot: no visible global function definition for ‘colorRampPalette’
    mspplot: no visible global function definition for ‘coordinates<-’
    mspplot: no visible global function definition for ‘proj4string<-’
    mspplot: no visible global function definition for ‘SpatialPoints’
    mspplot: no visible global function definition for ‘layout.north.arrow’
    mspplot: no visible global function definition for ‘layout.scale.bar’
    seasonalfunction.zoo: no visible global function definition for ‘time’
    seasonalfunction.zoo: no visible global function definition for
     ‘aggregate’
    smry.default: no visible global function definition for ‘IQR’
    smry.default: no visible global function definition for ‘sd’
    smry.zoo: no visible global function definition for ‘time’
    sname2plot: no visible global function definition for ‘window’
    sname2ts: no visible global function definition for ‘window’
    subdaily2daily.data.frame: no visible global function definition for
     ‘time’
    subdaily2daily.zoo: no visible global function definition for ‘time’
    zoo2RHtest: no visible global function definition for ‘time’
    zoo2RHtest: no visible global function definition for ‘write.table’
    Undefined global functions or variables:
     Axis CRS IQR SpatialPoints abline aggregate as axis box boxplot
     colorRampPalette coordinates<- cor cor.test dev.list dev.new dev.set
     ecdf end filter gridded<- hasArg hist index integrate layout
     layout.north.arrow layout.scale.bar legend levelplot lines overlay
     pairs palette panel.smooth par plot plot.stepfun plot.xts points
     polygon proj4string<- rect sd splinefun spsample start strwidth
     symnum text time time<- window write.csv write.csv2 write.table
     xy.coords
    Consider adding
     importFrom("grDevices", "colorRampPalette", "dev.list", "dev.new",
     "dev.set", "palette", "xy.coords")
     importFrom("graphics", "Axis", "abline", "axis", "box", "boxplot",
     "hist", "layout", "legend", "lines", "pairs",
     "panel.smooth", "par", "plot", "points", "polygon", "rect",
     "strwidth", "text")
     importFrom("methods", "as", "hasArg")
     importFrom("stats", "IQR", "aggregate", "cor", "cor.test", "ecdf",
     "end", "filter", "integrate", "plot.stepfun", "sd",
     "splinefun", "start", "symnum", "time", "window")
     importFrom("utils", "write.csv", "write.csv2", "write.table")
    to your NAMESPACE file (and ensure that your DESCRIPTION Imports field
    contains 'methods').
Flavors: r-devel-linux-x86_64-debian-clang, r-devel-linux-x86_64-debian-gcc, r-devel-linux-x86_64-fedora-clang, r-devel-linux-x86_64-fedora-gcc, r-devel-macos-x86_64-clang, r-devel-windows-ix86+x86_64, r-patched-linux-x86_64, r-patched-solaris-sparc, r-patched-solaris-x86, r-release-linux-x86_64, r-release-osx-x86_64-mavericks, r-release-windows-ix86+x86_64

Version: 0.4-2-1
Check: R code for possible problems
Result: NOTE
    .hydroplotseasonal: no visible global function definition for
     'plot.xts'
    .hydroplotts: no visible global function definition for 'plot.xts'
    daily2annual.zoo: no visible global function definition for 'time<-'
    dm2seasonal.zoo: no visible global function definition for 'time<-'
    drawTimeAxis: no visible global function definition for 'index'
    dwi.zoo: no visible global function definition for 'index'
    gists2spt: no visible global function definition for 'coordinates<-'
    gists2spt: no visible global function definition for 'proj4string<-'
    hydrokrige.data.frame: no visible global function definition for 'CRS'
    hydrokrige.data.frame: no visible global function definition for
     'proj4string<-'
    hydrokrige.data.frame: no visible global function definition for
     'spsample'
    hydrokrige.data.frame: no visible global function definition for
     'gridded<-'
    hydrokrige.default: no visible global function definition for 'CRS'
    hydrokrige.default: no visible global function definition for
     'proj4string<-'
    hydrokrige.default: no visible global function definition for
     'spsample'
    hydrokrige.default: no visible global function definition for
     'gridded<-'
    hydrokrige.default: no visible global function definition for 'overlay'
    hydrokrige.default: no visible global function definition for
     'SpatialPoints'
    hydrokrige.default: no visible global function definition for
     'layout.north.arrow'
    hydrokrige.default: no visible global function definition for
     'layout.scale.bar'
    izoo2rzoo.zoo: no visible global function definition for 'time<-'
    matrixplot: no visible global function definition for 'levelplot'
    mspplot: no visible global function definition for 'CRS'
    mspplot: no visible global function definition for 'coordinates<-'
    mspplot: no visible global function definition for 'proj4string<-'
    mspplot: no visible global function definition for 'SpatialPoints'
    mspplot: no visible global function definition for 'layout.north.arrow'
    mspplot: no visible global function definition for 'layout.scale.bar'
Flavor: r-oldrel-windows-ix86+x86_64