CRAN Package Check Results for Package imager

Last updated on 2016-10-24 23:48:19.

Flavor Version Tinstall Tcheck Ttotal Status Flags
r-devel-linux-x86_64-debian-clang 0.31 167.21 64.99 232.20 NOTE
r-devel-linux-x86_64-debian-gcc 0.31 173.62 61.50 235.12 NOTE
r-devel-linux-x86_64-fedora-clang 0.31 458.92 NOTE
r-devel-linux-x86_64-fedora-gcc 0.31 451.66 NOTE
r-devel-macos-x86_64-clang 0.31 310.10 ERROR
r-devel-windows-ix86+x86_64 0.31 644.00 209.00 853.00 NOTE
r-patched-linux-x86_64 0.31 147.54 57.93 205.46 NOTE
r-patched-solaris-sparc 0.31 65.40 ERROR
r-patched-solaris-x86 0.31 12.30 ERROR
r-release-linux-x86_64 0.31 144.60 58.54 203.14 NOTE
r-release-osx-x86_64-mavericks 0.31 WARN
r-release-windows-ix86+x86_64 0.31 606.00 192.00 798.00 NOTE
r-oldrel-windows-ix86+x86_64 0.31 518.00 226.00 744.00 NOTE

Check Details

Version: 0.31
Check: installed package size
Result: NOTE
     installed size is 24.3Mb
     sub-directories of 1Mb or more:
     data 1.4Mb
     doc 3.4Mb
     include 2.6Mb
     libs 15.7Mb
Flavors: r-devel-linux-x86_64-debian-clang, r-devel-linux-x86_64-debian-gcc, r-devel-linux-x86_64-fedora-clang, r-devel-linux-x86_64-fedora-gcc, r-devel-macos-x86_64-clang, r-devel-windows-ix86+x86_64, r-patched-linux-x86_64, r-release-linux-x86_64, r-release-osx-x86_64-mavericks, r-release-windows-ix86+x86_64, r-oldrel-windows-ix86+x86_64

Version: 0.31
Check: whether package can be installed
Result: WARN
    Found the following significant warnings:
     ../inst/include/CImg.h:193:5: warning: 'long long' is a C++11 extension [-Wc++11-long-long]
     ../inst/include/CImg.h:13559:29: warning: multiple unsequenced modifications to 'ptrs' [-Wunsequenced]
     ../inst/include/CImg.h:13738:19: warning: multiple unsequenced modifications to 'ptrs' [-Wunsequenced]
     ../inst/include/CImg.h:22316:23: warning: unsequenced modification and access to 'right' [-Wunsequenced]
     ../inst/include/CImg.h:29395:35: warning: unsequenced modification and access to '_n2x' [-Wunsequenced]
     ../inst/include/CImg.h:29395:35: warning: multiple unsequenced modifications to '_n3x' [-Wunsequenced]
     ../inst/include/CImg.h:29395:35: warning: unsequenced modification and access to '_n1x' [-Wunsequenced]
     ../inst/include/CImg.h:29415:40: warning: unsequenced modification and access to '_n2x' [-Wunsequenced]
     ../inst/include/CImg.h:29415:40: warning: multiple unsequenced modifications to '_n3x' [-Wunsequenced]
     ../inst/include/CImg.h:29415:40: warning: unsequenced modification and access to '_n1x' [-Wunsequenced]
     ../inst/include/CImg.h:29435:35: warning: multiple unsequenced modifications to '_n2x' [-Wunsequenced]
     ../inst/include/CImg.h:29435:35: warning: unsequenced modification and access to '_n1x' [-Wunsequenced]
     ../inst/include/CImg.h:29449:40: warning: multiple unsequenced modifications to '_n2x' [-Wunsequenced]
     ../inst/include/CImg.h:29449:40: warning: unsequenced modification and access to '_n1x' [-Wunsequenced]
     ../inst/include/CImg.h:29467:35: warning: multiple unsequenced modifications to '_n2x' [-Wunsequenced]
     ../inst/include/CImg.h:29467:35: warning: unsequenced modification and access to '_n1x' [-Wunsequenced]
     ../inst/include/CImg.h:29478:40: warning: multiple unsequenced modifications to '_n2x' [-Wunsequenced]
     ../inst/include/CImg.h:29478:40: warning: unsequenced modification and access to '_n1x' [-Wunsequenced]
     ../inst/include/CImg.h:30531:19: warning: unsequenced modification and access to 'right' [-Wunsequenced]
     ../inst/include/CImg.h:31964:17: warning: multiple unsequenced modifications to '_n2x' [-Wunsequenced]
     ../inst/include/CImg.h:31964:17: warning: unsequenced modification and access to '_n1x' [-Wunsequenced]
     ../inst/include/CImg.h:44923:18: warning: unsequenced modification and access to 'err' [-Wunsequenced]
     ../inst/include/CImg.h:44931:18: warning: unsequenced modification and access to 'err' [-Wunsequenced]
     ../inst/include/CImg.h:44941:22: warning: unsequenced modification and access to 'err' [-Wunsequenced]
     ../inst/include/CImg.h:45125:18: warning: unsequenced modification and access to 'err' [-Wunsequenced]
     ../inst/include/CImg.h:45133:18: warning: unsequenced modification and access to 'err' [-Wunsequenced]
     ../inst/include/CImg.h:45142:20: warning: unsequenced modification and access to 'err' [-Wunsequenced]
Flavor: r-devel-macos-x86_64-clang

Version: 0.31
Check: tests
Result: ERROR
    Running the tests in ‘tests/testthat.R’ failed.
    Last 13 lines of output:
     clang++ -mtune=native -I/Users/ripley/R/R-devel/include -DNDEBUG -Dcimg_r_mode -fpermissive -I/usr/X11R6/include -I/usr/local/include -I"/Users/ripley/R/test-3.4/Rcpp/include" -I"/Users/ripley/R/packages/tests-devel/imager.Rcheck/imager/include" -I"/private/var/folders/gv/f60jb6tn7fxb9sz1yfr7d_vm0000gp/T/RtmpNqSsC6/sourceCpp-x86_64-apple-darwin16.0.0-0.12.7" -fPIC -g -O2 -Wall -pedantic -c file52433980a49e.cpp -o file52433980a49e.o
     clang++ -mtune=native -dynamiclib -Wl,-headerpad_max_install_names -undefined dynamic_lookup -single_module -multiply_defined suppress -L/Users/ripley/R/R-devel/lib -L/usr/local/lib -o sourceCpp_2.so file52433980a49e.o -lX11 -L/usr/X11R6/lib -L/Users/ripley/R/R-devel/lib -lR -Wl,-framework -Wl,CoreFoundation
     1. Error: cpp_plugin (@test_cpp_api.R#14) --------------------------------------
     Error 1 occurred building shared library.
     1: cppFunction(foo.inline, depends = "imager") at testthat/test_cpp_api.R:14
     2: sourceCpp(code = code, env = env, rebuild = rebuild, cacheDir = cacheDir, showOutput = showOutput,
     verbose = verbose)
     3: stop("Error ", status, " occurred building shared library.")
    
     testthat results ================================================================
     OK: 0 SKIPPED: 0 FAILED: 1
     1. Error: cpp_plugin (@test_cpp_api.R#14)
    
     Error: testthat unit tests failed
     Execution halted
Flavor: r-devel-macos-x86_64-clang

Version: 0.31
Check: whether package can be installed
Result: ERROR
    Installation failed.
Flavors: r-patched-solaris-sparc, r-patched-solaris-x86

Version: 0.31
Check: whether package can be installed
Result: WARN
    Found the following significant warnings:
     ../inst/include/CImg.h:22316:23: warning: unsequenced modification and access to 'right' [-Wunsequenced]
     ../inst/include/CImg.h:29395:35: warning: unsequenced modification and access to '_n2x' [-Wunsequenced]
     ../inst/include/CImg.h:29395:35: warning: multiple unsequenced modifications to '_n3x' [-Wunsequenced]
     ../inst/include/CImg.h:29395:35: warning: unsequenced modification and access to '_n1x' [-Wunsequenced]
     ../inst/include/CImg.h:29415:40: warning: unsequenced modification and access to '_n2x' [-Wunsequenced]
     ../inst/include/CImg.h:29415:40: warning: multiple unsequenced modifications to '_n3x' [-Wunsequenced]
     ../inst/include/CImg.h:29415:40: warning: unsequenced modification and access to '_n1x' [-Wunsequenced]
     ../inst/include/CImg.h:29435:35: warning: multiple unsequenced modifications to '_n2x' [-Wunsequenced]
     ../inst/include/CImg.h:29435:35: warning: unsequenced modification and access to '_n1x' [-Wunsequenced]
     ../inst/include/CImg.h:29449:40: warning: multiple unsequenced modifications to '_n2x' [-Wunsequenced]
     ../inst/include/CImg.h:29449:40: warning: unsequenced modification and access to '_n1x' [-Wunsequenced]
     ../inst/include/CImg.h:29467:35: warning: multiple unsequenced modifications to '_n2x' [-Wunsequenced]
     ../inst/include/CImg.h:29467:35: warning: unsequenced modification and access to '_n1x' [-Wunsequenced]
     ../inst/include/CImg.h:29478:40: warning: multiple unsequenced modifications to '_n2x' [-Wunsequenced]
     ../inst/include/CImg.h:29478:40: warning: unsequenced modification and access to '_n1x' [-Wunsequenced]
     ../inst/include/CImg.h:30531:19: warning: unsequenced modification and access to 'right' [-Wunsequenced]
     ../inst/include/CImg.h:31964:17: warning: multiple unsequenced modifications to '_n2x' [-Wunsequenced]
     ../inst/include/CImg.h:31964:17: warning: unsequenced modification and access to '_n1x' [-Wunsequenced]
     ../inst/include/CImg.h:44923:18: warning: unsequenced modification and access to 'err' [-Wunsequenced]
     ../inst/include/CImg.h:44931:18: warning: unsequenced modification and access to 'err' [-Wunsequenced]
     ../inst/include/CImg.h:44941:22: warning: unsequenced modification and access to 'err' [-Wunsequenced]
     ../inst/include/CImg.h:45125:18: warning: unsequenced modification and access to 'err' [-Wunsequenced]
     ../inst/include/CImg.h:45133:18: warning: unsequenced modification and access to 'err' [-Wunsequenced]
     ../inst/include/CImg.h:45142:20: warning: unsequenced modification and access to 'err' [-Wunsequenced]
Flavor: r-release-osx-x86_64-mavericks