Last updated on 2016-10-24 23:48:19.
Flavor | Version | Tinstall | Tcheck | Ttotal | Status | Flags |
---|---|---|---|---|---|---|
r-devel-linux-x86_64-debian-clang | 2.0 | 3.65 | 42.19 | 45.84 | NOTE | |
r-devel-linux-x86_64-debian-gcc | 2.0 | 3.68 | 40.99 | 44.67 | NOTE | |
r-devel-linux-x86_64-fedora-clang | 2.0 | 102.07 | NOTE | |||
r-devel-linux-x86_64-fedora-gcc | 2.0 | 101.41 | NOTE | |||
r-devel-macos-x86_64-clang | 2.0 | 77.40 | NOTE | |||
r-devel-windows-ix86+x86_64 | 2.0 | 15.00 | 100.00 | 115.00 | NOTE | |
r-patched-linux-x86_64 | 2.0 | 3.68 | 39.94 | 43.61 | NOTE | |
r-patched-solaris-sparc | 2.0 | 550.50 | NOTE | |||
r-patched-solaris-x86 | 2.0 | 123.40 | NOTE | |||
r-release-linux-x86_64 | 2.0 | 3.59 | 39.33 | 42.93 | NOTE | |
r-release-osx-x86_64-mavericks | 2.0 | NOTE | ||||
r-release-windows-ix86+x86_64 | 2.0 | 14.00 | 69.00 | 83.00 | NOTE | |
r-oldrel-windows-ix86+x86_64 | 2.0 | 17.00 | 102.00 | 119.00 | OK |
Version: 2.0
Check: R code for possible problems
Result: NOTE
generate.ExpressionData: no visible global function definition for
‘rnorm’
impute.MinDet: no visible binding for global variable ‘quantile’
impute.MinProb: no visible binding for global variable ‘quantile’
impute.MinProb: no visible binding for global variable ‘sd’
impute.MinProb: no visible global function definition for ‘median’
impute.MinProb: no visible global function definition for ‘rnorm’
impute.QRILC: no visible global function definition for ‘qnorm’
impute.QRILC: no visible global function definition for ‘quantile’
impute.QRILC: no visible global function definition for ‘lm’
insertMVs: no visible global function definition for ‘rnorm’
model.Selector: no visible global function definition for ‘qnorm’
model.Selector: no visible global function definition for ‘quantile’
model.Selector: no visible global function definition for ‘lm’
model.Selector: no visible global function definition for ‘ecdf’
model.Selector: no visible global function definition for ‘pnorm’
pep2prot: no visible binding for global variable ‘median’
Undefined global functions or variables:
ecdf lm median pnorm qnorm quantile rnorm sd
Consider adding
importFrom("stats", "ecdf", "lm", "median", "pnorm", "qnorm",
"quantile", "rnorm", "sd")
to your NAMESPACE file.
Flavors: r-devel-linux-x86_64-debian-clang, r-devel-linux-x86_64-debian-gcc, r-devel-linux-x86_64-fedora-clang, r-devel-linux-x86_64-fedora-gcc, r-devel-macos-x86_64-clang, r-devel-windows-ix86+x86_64, r-patched-linux-x86_64, r-patched-solaris-sparc, r-patched-solaris-x86, r-release-linux-x86_64, r-release-osx-x86_64-mavericks, r-release-windows-ix86+x86_64