Last updated on 2016-10-24 23:48:19.
Flavor | Version | Tinstall | Tcheck | Ttotal | Status | Flags |
---|---|---|---|---|---|---|
r-devel-linux-x86_64-debian-clang | 0.1.2 | 0.50 | 9.53 | 10.02 | NOTE | |
r-devel-linux-x86_64-debian-gcc | 0.1.2 | 0.58 | 9.39 | 9.97 | NOTE | |
r-devel-linux-x86_64-fedora-clang | 0.1.2 | 16.03 | NOTE | |||
r-devel-linux-x86_64-fedora-gcc | 0.1.2 | 14.85 | NOTE | |||
r-devel-macos-x86_64-clang | 0.1.2 | 14.65 | NOTE | |||
r-devel-windows-ix86+x86_64 | 0.1.2 | 3.00 | 26.00 | 29.00 | NOTE | |
r-patched-linux-x86_64 | 0.1.2 | 0.52 | 8.68 | 9.20 | NOTE | |
r-patched-solaris-sparc | 0.1.2 | 84.90 | NOTE | |||
r-patched-solaris-x86 | 0.1.2 | 19.90 | NOTE | |||
r-release-linux-x86_64 | 0.1.2 | 0.50 | 9.19 | 9.69 | NOTE | |
r-release-osx-x86_64-mavericks | 0.1.2 | NOTE | ||||
r-release-windows-ix86+x86_64 | 0.1.2 | 2.00 | 28.00 | 30.00 | NOTE | |
r-oldrel-windows-ix86+x86_64 | 0.1.2 | 2.00 | 24.00 | 26.00 | NOTE |
Version: 0.1.2
Check: DESCRIPTION meta-information
Result: NOTE
Malformed Description field: should contain one or more complete sentences.
Flavors: r-devel-linux-x86_64-debian-clang, r-devel-linux-x86_64-debian-gcc, r-devel-linux-x86_64-fedora-clang, r-devel-linux-x86_64-fedora-gcc, r-devel-macos-x86_64-clang, r-devel-windows-ix86+x86_64, r-patched-linux-x86_64, r-patched-solaris-sparc, r-patched-solaris-x86, r-release-linux-x86_64, r-release-osx-x86_64-mavericks, r-release-windows-ix86+x86_64, r-oldrel-windows-ix86+x86_64
Version: 0.1.2
Check: R code for possible problems
Result: NOTE
getInfra: no visible global function definition for ‘txtProgressBar’
getInfra: no visible global function definition for ‘download.file’
getInfra: no visible global function definition for ‘setTxtProgressBar’
getInfra : <anonymous>: no visible global function definition for
‘download.file’
Undefined global functions or variables:
download.file setTxtProgressBar txtProgressBar
Consider adding
importFrom("utils", "download.file", "setTxtProgressBar",
"txtProgressBar")
to your NAMESPACE file.
Flavors: r-devel-linux-x86_64-debian-clang, r-devel-linux-x86_64-debian-gcc, r-devel-linux-x86_64-fedora-clang, r-devel-linux-x86_64-fedora-gcc, r-devel-macos-x86_64-clang, r-devel-windows-ix86+x86_64, r-patched-linux-x86_64, r-patched-solaris-sparc, r-patched-solaris-x86, r-release-linux-x86_64, r-release-osx-x86_64-mavericks, r-release-windows-ix86+x86_64