Last updated on 2016-10-24 23:48:20.
Flavor | Version | Tinstall | Tcheck | Ttotal | Status | Flags |
---|---|---|---|---|---|---|
r-devel-linux-x86_64-debian-clang | 1.1-0.1 | 2.65 | 43.49 | 46.15 | NOTE | |
r-devel-linux-x86_64-debian-gcc | 1.1-0.1 | 2.50 | 42.85 | 45.34 | NOTE | |
r-devel-linux-x86_64-fedora-clang | 1.1-0.1 | 104.09 | NOTE | |||
r-devel-linux-x86_64-fedora-gcc | 1.1-0.1 | 100.89 | NOTE | |||
r-devel-macos-x86_64-clang | 1.1-0.1 | 78.15 | NOTE | |||
r-devel-windows-ix86+x86_64 | 1.1-0.1 | 11.00 | 108.00 | 119.00 | NOTE | |
r-patched-linux-x86_64 | 1.1-0.1 | 2.28 | 41.51 | 43.79 | NOTE | |
r-patched-solaris-sparc | 1.1-0.1 | 546.10 | NOTE | |||
r-patched-solaris-x86 | 1.1-0.1 | 113.00 | NOTE | |||
r-release-linux-x86_64 | 1.1-0.1 | 2.56 | 42.02 | 44.58 | NOTE | |
r-release-osx-x86_64-mavericks | 1.1-0.1 | NOTE | ||||
r-release-windows-ix86+x86_64 | 1.1-0.1 | 11.00 | 80.00 | 91.00 | NOTE | |
r-oldrel-windows-ix86+x86_64 | 1.1-0.1 | 12.00 | 122.00 | 134.00 | OK |
Version: 1.1-0.1
Check: R code for possible problems
Result: NOTE
icScoreTest: no visible global function definition for ‘pnorm’
icScoreTest: no visible global function definition for ‘pchisq’
icfit.formula: no visible global function definition for ‘terms’
icfit.formula: no visible global function definition for
‘model.extract’
icfitBootCI: no visible global function definition for ‘binom.test’
ictest.formula: no visible global function definition for
‘model.extract’
plot.icfit: no visible global function definition for ‘gray’
plot.icfit: no visible global function definition for ‘plot’
plot.icfit: no visible global function definition for ‘axis’
plot.icfit : polygon.icfit: no visible global function definition for
‘polygon’
scoresFromFit: no visible global function definition for ‘dnorm’
scoresFromFit: no visible global function definition for ‘qnorm’
wsrHLYpclt: no visible global function definition for ‘model.matrix’
wsrHLYpclt: no visible global function definition for ‘pchisq’
wsrHLYpclt: no visible global function definition for ‘pnorm’
Undefined global functions or variables:
axis binom.test dnorm gray model.extract model.matrix pchisq plot
pnorm polygon qnorm terms
Consider adding
importFrom("grDevices", "gray")
importFrom("graphics", "axis", "plot", "polygon")
importFrom("stats", "binom.test", "dnorm", "model.extract",
"model.matrix", "pchisq", "pnorm", "qnorm", "terms")
to your NAMESPACE file.
Flavors: r-devel-linux-x86_64-debian-clang, r-devel-linux-x86_64-debian-gcc, r-devel-linux-x86_64-fedora-clang, r-devel-linux-x86_64-fedora-gcc, r-devel-macos-x86_64-clang, r-devel-windows-ix86+x86_64, r-patched-linux-x86_64, r-patched-solaris-sparc, r-patched-solaris-x86, r-release-linux-x86_64, r-release-osx-x86_64-mavericks, r-release-windows-ix86+x86_64