Last updated on 2016-10-24 23:48:20.
Flavor | Version | Tinstall | Tcheck | Ttotal | Status | Flags |
---|---|---|---|---|---|---|
r-devel-linux-x86_64-debian-clang | 1.1.1 | 0.96 | 14.14 | 15.10 | NOTE | |
r-devel-linux-x86_64-debian-gcc | 1.1.1 | 0.94 | 13.87 | 14.81 | NOTE | |
r-devel-linux-x86_64-fedora-clang | 1.1.1 | 27.32 | NOTE | |||
r-devel-linux-x86_64-fedora-gcc | 1.1.1 | 26.30 | NOTE | |||
r-devel-macos-x86_64-clang | 1.1.1 | 22.75 | NOTE | |||
r-devel-windows-ix86+x86_64 | 1.1.1 | 5.00 | 45.00 | 50.00 | NOTE | |
r-patched-linux-x86_64 | 1.1.1 | 0.88 | 12.95 | 13.82 | NOTE | |
r-patched-solaris-sparc | 1.1.1 | 154.20 | NOTE | |||
r-patched-solaris-x86 | 1.1.1 | 35.90 | NOTE | |||
r-release-linux-x86_64 | 1.1.1 | 0.85 | 13.08 | 13.93 | NOTE | |
r-release-osx-x86_64-mavericks | 1.1.1 | NOTE | ||||
r-release-windows-ix86+x86_64 | 1.1.1 | 6.00 | 31.00 | 37.00 | NOTE | |
r-oldrel-windows-ix86+x86_64 | 1.1.1 | 5.00 | 43.00 | 48.00 | OK |
Version: 1.1.1
Check: R code for possible problems
Result: NOTE
sonarCSV: no visible global function definition for ‘read.csv’
Undefined global functions or variables:
read.csv
Consider adding
importFrom("utils", "read.csv")
to your NAMESPACE file.
Flavors: r-devel-linux-x86_64-debian-clang, r-devel-linux-x86_64-debian-gcc, r-devel-linux-x86_64-fedora-clang, r-devel-linux-x86_64-fedora-gcc, r-devel-macos-x86_64-clang, r-devel-windows-ix86+x86_64, r-patched-linux-x86_64, r-patched-solaris-sparc, r-patched-solaris-x86, r-release-linux-x86_64, r-release-osx-x86_64-mavericks, r-release-windows-ix86+x86_64