Last updated on 2016-10-24 23:48:20.
Flavor | Version | Tinstall | Tcheck | Ttotal | Status | Flags |
---|---|---|---|---|---|---|
r-devel-linux-x86_64-debian-clang | 0.9.1 | 37.59 | 34.43 | 72.02 | NOTE | |
r-devel-linux-x86_64-debian-gcc | 0.9.1 | 39.03 | 34.64 | 73.67 | NOTE | |
r-devel-linux-x86_64-fedora-clang | 0.9.1 | 137.87 | NOTE | |||
r-devel-linux-x86_64-fedora-gcc | 0.9.1 | 132.65 | NOTE | |||
r-devel-macos-x86_64-clang | 0.9.1 | 99.33 | OK | |||
r-devel-windows-ix86+x86_64 | 0.9.1 | 163.00 | 157.00 | 320.00 | OK | |
r-patched-linux-x86_64 | 0.9.1 | 33.74 | 33.78 | 67.53 | NOTE | |
r-patched-solaris-sparc | 0.9.1 | 770.50 | OK | |||
r-patched-solaris-x86 | 0.9.1 | 159.90 | OK | |||
r-release-linux-x86_64 | 0.9.1 | 32.30 | 33.51 | 65.81 | NOTE | |
r-release-osx-x86_64-mavericks | 0.9.1 | NOTE | ||||
r-release-windows-ix86+x86_64 | 0.9.1 | 158.00 | 156.00 | 314.00 | OK | |
r-oldrel-windows-ix86+x86_64 | 0.8.1 | 128.00 | 104.00 | 232.00 | OK |
Version: 0.9.1
Check: installed package size
Result: NOTE
installed size is 5.3Mb
sub-directories of 1Mb or more:
libs 4.3Mb
Flavors: r-devel-linux-x86_64-debian-clang, r-devel-linux-x86_64-debian-gcc, r-devel-linux-x86_64-fedora-clang, r-devel-linux-x86_64-fedora-gcc, r-patched-linux-x86_64, r-release-linux-x86_64, r-release-osx-x86_64-mavericks