Last updated on 2016-10-24 23:48:20.
Flavor | Version | Tinstall | Tcheck | Ttotal | Status | Flags |
---|---|---|---|---|---|---|
r-devel-linux-x86_64-debian-clang | 1.0.1 | 2.28 | 30.82 | 33.10 | OK | |
r-devel-linux-x86_64-debian-gcc | 1.0.1 | 2.33 | 31.14 | 33.47 | OK | |
r-devel-linux-x86_64-fedora-clang | 1.0.1 | 65.21 | OK | |||
r-devel-linux-x86_64-fedora-gcc | 1.0.1 | 65.42 | OK | |||
r-devel-macos-x86_64-clang | 1.0.1 | 54.01 | OK | |||
r-devel-windows-ix86+x86_64 | 1.0.1 | 10.00 | 80.00 | 90.00 | OK | |
r-patched-linux-x86_64 | 1.0.1 | 2.71 | 31.40 | 34.10 | OK | |
r-patched-solaris-sparc | 1.0.1 | 373.60 | OK | |||
r-patched-solaris-x86 | 1.0.1 | 82.90 | OK | |||
r-release-linux-x86_64 | 1.0.1 | 2.53 | 31.49 | 34.02 | OK | |
r-release-osx-x86_64-mavericks | 1.0.1 | ERROR | ||||
r-release-windows-ix86+x86_64 | 1.0.1 | 11.00 | 55.00 | 66.00 | OK |
Version: 1.0.1
Check: package dependencies
Result: ERROR
Packages required and available but unsuitable versions:
‘graphics’ ‘grDevices’ ‘stats’
See section ‘The DESCRIPTION file’ in the ‘Writing R Extensions’
manual.
Flavor: r-release-osx-x86_64-mavericks