Last updated on 2016-10-24 23:48:21.
Flavor | Version | Tinstall | Tcheck | Ttotal | Status | Flags |
---|---|---|---|---|---|---|
r-devel-linux-x86_64-debian-clang | 1.2.1 | 10.32 | 120.84 | 131.16 | OK | |
r-devel-linux-x86_64-debian-gcc | 1.2.1 | 9.54 | 119.89 | 129.43 | OK | |
r-devel-linux-x86_64-fedora-clang | 1.2.1 | 214.23 | OK | |||
r-devel-linux-x86_64-fedora-gcc | 1.2.1 | 206.63 | OK | |||
r-devel-macos-x86_64-clang | 1.2.1 | 159.45 | OK | |||
r-devel-windows-ix86+x86_64 | 1.2.1 | 42.00 | 370.00 | 412.00 | OK | |
r-patched-linux-x86_64 | 1.2.1 | 8.97 | 118.65 | 127.62 | OK | |
r-patched-solaris-sparc | 1.2.1 | 1522.10 | OK | --no-build-vignettes | ||
r-patched-solaris-x86 | 1.2.1 | 291.30 | OK | |||
r-release-linux-x86_64 | 1.2.1 | 15.42 | 116.77 | 132.19 | OK | |
r-release-osx-x86_64-mavericks | 1.2.1 | NOTE | ||||
r-release-windows-ix86+x86_64 | 1.2.1 | 44.00 | 357.00 | 401.00 | OK | |
r-oldrel-windows-ix86+x86_64 | 1.2.1 | 49.00 | 470.00 | 519.00 | OK |
Version: 1.2.1
Check: re-building of vignette outputs
Result: NOTE
Error in re-building vignettes:
...
input string 428 is invalid in this locale
Warning in grepl("(Rerun to get|biblatex.*\\(re\\)run)", readLines(log, :
input string 433 is invalid in this locale
Error in texi2dvi(file = file, pdf = TRUE, clean = clean, quiet = quiet, :
Running 'texi2dvi' on 'an_introduction_to_lifecontingencies_package.tex' failed.
LaTeX errors:
! Undefined control sequence.
l.15 x<9c><ed>\Ol
[E^^Z<ff><b0><9b><8d>_q<de><f3><90>n0i^^S<9b><d1>^^VXj^^RKO<da>C^^Q<b8>R}^^B<a9> V9<ad><c4> <e5>Ω7đ^^^<b8>p<b4>8TB...
The control sequence at the end of the top line
of your error message was never \def'ed. If you have
! LaTeX Error: Missing \begin{document}.
See the LaTeX manual or LaTeX Companion for explanation.
Type H <return> for immediate help.
...
! Undefined control sequence.
l.15 ...<93><b6><f1><f8><bd><ba><c9>k<da><d8>{<f8>mF&<ff><9c><b4> M<b2><fe>)zz^^?f<e6><cd><f7><e6><9b><ef><fb>}ߌ<f3>\<ab>
բ<a3><0b>߳<ee><c0><fe><a2>+<de>aFW<bc>Ì<ae>x<87>^^Y]<f1>...
The control sequence at the end of the top line
of your error message was never \def'ed. If you have
! Undefined control sequence.
l.15 ...+<de>aFW<bc>Ì<ae>x<87>^^
Calls: buildVignettes -> texi2pdf -> texi2dvi
Execution halted
Flavor: r-release-osx-x86_64-mavericks