Last updated on 2016-10-24 23:48:21.
Flavor | Version | Tinstall | Tcheck | Ttotal | Status | Flags |
---|---|---|---|---|---|---|
r-devel-linux-x86_64-debian-clang | 0.8.29 | 0.59 | 11.39 | 11.98 | NOTE | |
r-devel-linux-x86_64-debian-gcc | 0.8.29 | 0.60 | 11.36 | 11.96 | NOTE | |
r-devel-linux-x86_64-fedora-clang | 0.8.29 | 20.69 | NOTE | |||
r-devel-linux-x86_64-fedora-gcc | 0.8.29 | 18.35 | NOTE | |||
r-devel-macos-x86_64-clang | 0.8.29 | 18.51 | NOTE | |||
r-devel-windows-ix86+x86_64 | 0.8.29 | 3.00 | 29.00 | 32.00 | NOTE | |
r-patched-linux-x86_64 | 0.8.29 | 0.60 | 10.71 | 11.31 | NOTE | |
r-patched-solaris-sparc | 0.8.29 | 119.30 | NOTE | |||
r-patched-solaris-x86 | 0.8.29 | 26.80 | NOTE | |||
r-release-linux-x86_64 | 0.8.29 | 2.69 | 10.81 | 13.50 | NOTE | |
r-release-osx-x86_64-mavericks | 0.8.29 | NOTE | ||||
r-release-windows-ix86+x86_64 | 0.8.29 | 2.00 | 28.00 | 30.00 | NOTE | |
r-oldrel-windows-ix86+x86_64 | 0.8.29 | 3.00 | 26.00 | 29.00 | NOTE |
Version: 0.8.29
Check: DESCRIPTION meta-information
Result: NOTE
Malformed Title field: should not end in a period.
Flavors: r-devel-linux-x86_64-debian-clang, r-devel-linux-x86_64-debian-gcc, r-devel-linux-x86_64-fedora-clang, r-devel-linux-x86_64-fedora-gcc, r-devel-macos-x86_64-clang, r-devel-windows-ix86+x86_64, r-patched-linux-x86_64, r-patched-solaris-sparc, r-patched-solaris-x86, r-release-linux-x86_64, r-release-osx-x86_64-mavericks, r-release-windows-ix86+x86_64, r-oldrel-windows-ix86+x86_64
Version: 0.8.29
Check: top-level files
Result: NOTE
Non-standard files/directories found at top level:
‘_genPackage.R’ ‘scratch’
Flavors: r-devel-linux-x86_64-debian-clang, r-devel-linux-x86_64-debian-gcc, r-devel-linux-x86_64-fedora-clang, r-devel-linux-x86_64-fedora-gcc, r-patched-linux-x86_64, r-release-linux-x86_64
Version: 0.8.29
Check: R code for possible problems
Result: NOTE
dlogitnorm: no visible global function definition for ‘qlogis’
dlogitnorm: no visible global function definition for ‘dnorm’
invlogit: no visible global function definition for ‘plogis’
logit: no visible global function definition for ‘qlogis’
modeLogitnorm: no visible global function definition for ‘optimize’
momentsLogitnorm : fExp: no visible global function definition for
‘plogis’
momentsLogitnorm : fExp: no visible global function definition for
‘dnorm’
momentsLogitnorm: no visible global function definition for ‘integrate’
momentsLogitnorm : fVar: no visible global function definition for
‘plogis’
momentsLogitnorm : fVar: no visible global function definition for
‘dnorm’
plogitnorm: no visible global function definition for ‘qlogis’
plogitnorm: no visible global function definition for ‘pnorm’
qlogitnorm: no visible global function definition for ‘qnorm’
qlogitnorm: no visible global function definition for ‘plogis’
rlogitnorm: no visible global function definition for ‘plogis’
rlogitnorm: no visible global function definition for ‘rnorm’
twCoefLogitnorm: no visible global function definition for ‘optim’
twCoefLogitnormCi: no visible global function definition for ‘qnorm’
twCoefLogitnormE: no visible global function definition for ‘optim’
twCoefLogitnormMLE: no visible global function definition for
‘optimize’
twCoefLogitnormN: no visible global function definition for ‘optim’
Undefined global functions or variables:
dnorm integrate optim optimize plogis pnorm qlogis qnorm rnorm
Consider adding
importFrom("stats", "dnorm", "integrate", "optim", "optimize",
"plogis", "pnorm", "qlogis", "qnorm", "rnorm")
to your NAMESPACE file.
Flavors: r-devel-linux-x86_64-debian-clang, r-devel-linux-x86_64-debian-gcc, r-devel-linux-x86_64-fedora-clang, r-devel-linux-x86_64-fedora-gcc, r-devel-macos-x86_64-clang, r-devel-windows-ix86+x86_64, r-patched-linux-x86_64, r-patched-solaris-sparc, r-patched-solaris-x86, r-release-linux-x86_64, r-release-osx-x86_64-mavericks, r-release-windows-ix86+x86_64