Last updated on 2016-10-24 23:48:21.
Flavor | Version | Tinstall | Tcheck | Ttotal | Status | Flags |
---|---|---|---|---|---|---|
r-devel-linux-x86_64-debian-clang | 1.0.1 | 0.75 | 10.72 | 11.47 | NOTE | |
r-devel-linux-x86_64-debian-gcc | 1.0.1 | 0.69 | 10.89 | 11.58 | NOTE | |
r-devel-linux-x86_64-fedora-clang | 1.0.1 | 20.27 | NOTE | |||
r-devel-linux-x86_64-fedora-gcc | 1.0.1 | 19.28 | NOTE | |||
r-devel-macos-x86_64-clang | 1.0.1 | 18.46 | NOTE | |||
r-devel-windows-ix86+x86_64 | 1.0.1 | 4.00 | 46.00 | 50.00 | NOTE | |
r-patched-linux-x86_64 | 1.0.1 | 0.62 | 10.29 | 10.91 | NOTE | |
r-patched-solaris-sparc | 1.0.1 | 105.90 | NOTE | |||
r-patched-solaris-x86 | 1.0.1 | 24.50 | NOTE | |||
r-release-linux-x86_64 | 1.0.1 | 0.64 | 10.37 | 11.01 | NOTE | |
r-release-osx-x86_64-mavericks | 1.0.1 | NOTE | ||||
r-release-windows-ix86+x86_64 | 1.0.1 | 3.00 | 28.00 | 31.00 | NOTE | |
r-oldrel-windows-ix86+x86_64 | 1.0.1 | 4.00 | 36.00 | 40.00 | OK |
Version: 1.0.1
Check: R code for possible problems
Result: NOTE
amendColumns: no visible global function definition for ‘setNames’
fillColumns: no visible global function definition for ‘setNames’
Undefined global functions or variables:
setNames
Consider adding
importFrom("stats", "setNames")
to your NAMESPACE file.
Flavors: r-devel-linux-x86_64-debian-clang, r-devel-linux-x86_64-debian-gcc, r-devel-linux-x86_64-fedora-clang, r-devel-linux-x86_64-fedora-gcc, r-devel-macos-x86_64-clang, r-devel-windows-ix86+x86_64, r-patched-linux-x86_64, r-patched-solaris-sparc, r-patched-solaris-x86, r-release-linux-x86_64, r-release-osx-x86_64-mavericks, r-release-windows-ix86+x86_64