CRAN Package Check Results for Package lsdv

Last updated on 2016-10-24 23:48:22.

Flavor Version Tinstall Tcheck Ttotal Status Flags
r-devel-linux-x86_64-debian-clang 1.1 0.56 9.04 9.60 NOTE
r-devel-linux-x86_64-debian-gcc 1.1 0.54 8.83 9.37 NOTE
r-devel-linux-x86_64-fedora-clang 1.1 15.99 NOTE
r-devel-linux-x86_64-fedora-gcc 1.1 14.99 NOTE
r-devel-macos-x86_64-clang 1.1 14.81 NOTE
r-devel-windows-ix86+x86_64 1.1 5.00 24.00 29.00 NOTE
r-patched-linux-x86_64 1.1 0.57 8.25 8.82 NOTE
r-patched-solaris-sparc 1.1 86.40 NOTE
r-patched-solaris-x86 1.1 19.50 NOTE
r-release-linux-x86_64 1.1 0.57 8.10 8.67 NOTE
r-release-osx-x86_64-mavericks 1.1 NOTE
r-release-windows-ix86+x86_64 1.1 2.00 23.00 25.00 NOTE
r-oldrel-windows-ix86+x86_64 1.1 2.00 20.00 22.00 NOTE

Check Details

Version: 1.1
Check: DESCRIPTION meta-information
Result: NOTE
    Malformed Description field: should contain one or more complete sentences.
Flavors: r-devel-linux-x86_64-debian-clang, r-devel-linux-x86_64-debian-gcc, r-devel-linux-x86_64-fedora-clang, r-devel-linux-x86_64-fedora-gcc, r-devel-macos-x86_64-clang, r-devel-windows-ix86+x86_64, r-patched-linux-x86_64, r-patched-solaris-sparc, r-patched-solaris-x86, r-release-linux-x86_64, r-release-osx-x86_64-mavericks, r-release-windows-ix86+x86_64, r-oldrel-windows-ix86+x86_64

Version: 1.1
Check: R code for possible problems
Result: NOTE
    Lsdv.formula: no visible global function definition for ‘model.frame’
    Lsdv.formula: no visible global function definition for ‘model.matrix’
    Lsdv.formula: no visible global function definition for
     ‘model.response’
    lsdv: no visible global function definition for ‘pf’
    summary.Lsdv: no visible global function definition for ‘coef’
    summary.Lsdv: no visible global function definition for ‘pt’
    Undefined global functions or variables:
     coef model.frame model.matrix model.response pf pt
    Consider adding
     importFrom("stats", "coef", "model.frame", "model.matrix",
     "model.response", "pf", "pt")
    to your NAMESPACE file.
Flavors: r-devel-linux-x86_64-debian-clang, r-devel-linux-x86_64-debian-gcc, r-devel-linux-x86_64-fedora-clang, r-devel-linux-x86_64-fedora-gcc, r-devel-macos-x86_64-clang, r-devel-windows-ix86+x86_64, r-patched-linux-x86_64, r-patched-solaris-sparc, r-patched-solaris-x86, r-release-linux-x86_64, r-release-osx-x86_64-mavericks, r-release-windows-ix86+x86_64