Last updated on 2016-10-24 23:48:22.
Flavor | Version | Tinstall | Tcheck | Ttotal | Status | Flags |
---|---|---|---|---|---|---|
r-devel-linux-x86_64-debian-clang | 0.2.0 | 38.32 | 25.47 | 63.79 | OK | |
r-devel-linux-x86_64-debian-gcc | 0.2.0 | 37.34 | 24.48 | 61.83 | OK | |
r-devel-linux-x86_64-fedora-clang | 0.2.0 | 112.67 | OK | |||
r-devel-linux-x86_64-fedora-gcc | 0.2.0 | 110.60 | OK | |||
r-devel-macos-x86_64-clang | 0.2.0 | 92.74 | OK | |||
r-devel-windows-ix86+x86_64 | 0.2.0 | 73.00 | 62.00 | 135.00 | OK | |
r-patched-linux-x86_64 | 0.2.0 | 39.65 | 23.59 | 63.24 | OK | |
r-patched-solaris-sparc | 0.2.0 | 879.60 | OK | |||
r-patched-solaris-x86 | 0.2.0 | 213.90 | OK | |||
r-release-linux-x86_64 | 0.2.0 | 38.49 | 23.25 | 61.74 | OK | |
r-release-osx-x86_64-mavericks | 0.2.0 | NOTE | ||||
r-release-windows-ix86+x86_64 | 0.2.0 | 74.00 | 44.00 | 118.00 | OK | |
r-oldrel-windows-ix86+x86_64 | 0.2.0 | 76.00 | 68.00 | 144.00 | OK |
Version: 0.2.0
Check: dependencies in R code
Result: NOTE
Invalid MIT-MAGIC-COOKIE-1 key
Flavor: r-release-osx-x86_64-mavericks