CRAN Package Check Results for Package matie

Last updated on 2016-10-24 23:48:22.

Flavor Version Tinstall Tcheck Ttotal Status Flags
r-devel-linux-x86_64-debian-clang 1.2 3.61 70.90 74.51 NOTE
r-devel-linux-x86_64-debian-gcc 1.2 3.46 68.09 71.55 NOTE
r-devel-linux-x86_64-fedora-clang 1.2 147.84 NOTE
r-devel-linux-x86_64-fedora-gcc 1.2 139.94 NOTE
r-devel-macos-x86_64-clang 1.2 110.94 NOTE
r-devel-windows-ix86+x86_64 1.2 18.00 270.00 288.00 NOTE
r-patched-linux-x86_64 1.2 3.36 68.76 72.12 NOTE
r-patched-solaris-sparc 1.2 700.60 NOTE
r-patched-solaris-x86 1.2 176.40 NOTE
r-release-linux-x86_64 1.2 3.25 64.95 68.20 NOTE
r-release-osx-x86_64-mavericks 1.2 NOTE
r-release-windows-ix86+x86_64 1.2 16.00 178.00 194.00 NOTE
r-oldrel-windows-ix86+x86_64 1.2 21.00 280.00 301.00 OK

Check Details

Version: 1.2
Check: R code for possible problems
Result: NOTE
    agram : textPanel: no visible global function definition for ‘text’
    agram : localAxis: no visible global function definition for ‘Axis’
    agram : localPlot: no visible global function definition for ‘plot’
    agram : col.corrgram: no visible global function definition for
     ‘colorRampPalette’
    agram : panel.pts: no visible global function definition for ‘plot.xy’
    agram : panel.pts: no visible global function definition for
     ‘xy.coords’
    agram : panel.pts: no visible global function definition for ‘box’
    agram : panel.pie: no visible global function definition for ‘par’
    agram : panel.pie: no visible global function definition for ‘lines’
    agram : panel.pie: no visible global function definition for ‘polygon’
    agram: no visible global function definition for ‘par’
    agram: no visible global function definition for ‘cor’
    agram: no visible global function definition for ‘dist’
    agram: no visible global function definition for ‘strwidth’
    agram: no visible global function definition for ‘mtext’
    amap: no visible global function definition for ‘colorRampPalette’
    amap: no visible global function definition for ‘cor’
    amap: no visible global function definition for ‘as.dist’
    amap: no visible global function definition for ‘hclust’
    amap: no visible global function definition for ‘as.dendrogram’
    fbvs : getRsq: no visible global function definition for
     ‘complete.cases’
    fbvs : getRsq: no visible global function definition for ‘lm’
    fdg: no visible global function definition for ‘complete.cases’
    fdg: no visible global function definition for ‘cor’
    ma: no visible global function definition for ‘complete.cases’
    ma: no visible global function definition for ‘optimize’
    ma.nl: no visible global function definition for ‘complete.cases’
    ma.nl: no visible global function definition for ‘lm’
    ma.test : pal : knownParamP: no visible global function definition for
     ‘pchisq’
    ma.test : pal : pValue: no visible global function definition for
     ‘approx’
    ma.test : permECDF: no visible global function definition for ‘ecdf’
    pd: no visible global function definition for ‘complete.cases’
    pd: no visible global function definition for ‘contour’
    sbd: no visible global function definition for ‘runif’
    sbd: no visible global function definition for ‘rnorm’
    shpd: no visible global function definition for ‘rnorm’
    shpd: no visible global function definition for ‘addmargins’
    std: no visible global function definition for ‘runif’
    std: no visible global function definition for ‘rnorm’
    tap: no visible global function definition for ‘complete.cases’
    Undefined global functions or variables:
     Axis addmargins approx as.dendrogram as.dist box colorRampPalette
     complete.cases contour cor dist ecdf hclust lines lm mtext optimize
     par pchisq plot plot.xy polygon rnorm runif strwidth text xy.coords
    Consider adding
     importFrom("grDevices", "colorRampPalette", "xy.coords")
     importFrom("graphics", "Axis", "box", "contour", "lines", "mtext",
     "par", "plot", "plot.xy", "polygon", "strwidth", "text")
     importFrom("stats", "addmargins", "approx", "as.dendrogram", "as.dist",
     "complete.cases", "cor", "dist", "ecdf", "hclust", "lm",
     "optimize", "pchisq", "rnorm", "runif")
    to your NAMESPACE file.
Flavors: r-devel-linux-x86_64-debian-clang, r-devel-linux-x86_64-debian-gcc, r-devel-linux-x86_64-fedora-clang, r-devel-linux-x86_64-fedora-gcc, r-devel-macos-x86_64-clang, r-devel-windows-ix86+x86_64, r-patched-linux-x86_64, r-patched-solaris-sparc, r-patched-solaris-x86, r-release-linux-x86_64, r-release-osx-x86_64-mavericks, r-release-windows-ix86+x86_64