CRAN Package Check Results for Package metaMix

Last updated on 2016-10-24 23:48:23.

Flavor Version Tinstall Tcheck Ttotal Status Flags
r-devel-linux-x86_64-debian-clang 0.2 3.98 56.55 60.54 NOTE
r-devel-linux-x86_64-debian-gcc 0.2 4.16 57.19 61.34 NOTE
r-devel-linux-x86_64-fedora-clang 0.2 117.32 NOTE
r-devel-linux-x86_64-fedora-gcc 0.2 114.43 NOTE
r-devel-macos-x86_64-clang 0.2 88.58 NOTE
r-devel-windows-ix86+x86_64 0.2 20.00 136.00 156.00 NOTE
r-patched-linux-x86_64 0.2 5.64 53.75 59.39 NOTE
r-patched-solaris-sparc 0.2 624.00 NOTE
r-patched-solaris-x86 0.2 130.50 NOTE
r-release-linux-x86_64 0.2 3.78 54.81 58.60 NOTE
r-release-osx-x86_64-mavericks 0.2 ERROR
r-release-windows-ix86+x86_64 0.2 19.00 100.00 119.00 NOTE
r-oldrel-windows-ix86+x86_64 0.2 24.00 164.00 188.00 OK

Check Details

Version: 0.2
Check: R code for possible problems
Result: NOTE
    bayes.model.aver : bayes.model.aver.wrapped: no visible global function
     definition for ‘pdf’
    bayes.model.aver : bayes.model.aver.wrapped: no visible global function
     definition for ‘dev.off’
    bayes.model.aver : bayes.model.aver.wrapped: no visible global function
     definition for ‘plot’
    bayes.model.aver : bayes.model.aver.wrapped: no visible global function
     definition for ‘write.table’
    bayes.model.aver.explicit: no visible global function definition for
     ‘pdf’
    bayes.model.aver.explicit: no visible global function definition for
     ‘dev.off’
    bayes.model.aver.explicit: no visible global function definition for
     ‘plot’
    bayes.model.aver.explicit: no visible global function definition for
     ‘write.table’
    generative.prob: no visible global function definition for ‘ppois’
    generative.prob: no visible global function definition for ‘quantile’
    generative.prob.nucl: no visible global function definition for ‘ppois’
    generative.prob.nucl: no visible global function definition for
     ‘quantile’
    parallel.temper : parallel.temper.wrapped : singleChain : moveRemove:
     no visible global function definition for ‘quantile’
    parallel.temper : parallel.temper.wrapped : singleChain: no visible
     global function definition for ‘runif’
    parallel.temper : parallel.temper.wrapped : singleChain: no visible
     global function definition for ‘quantile’
    parallel.temper.explicit : singleChain : moveRemove: no visible global
     function definition for ‘quantile’
    parallel.temper.explicit : singleChain: no visible global function
     definition for ‘runif’
    parallel.temper.explicit : singleChain: no visible global function
     definition for ‘quantile’
    parallel.temper.nucl : parallel.temper.nucl.wrapped : singleChain :
     moveRemove: no visible global function definition for ‘quantile’
    parallel.temper.nucl : parallel.temper.nucl.wrapped : singleChain: no
     visible global function definition for ‘runif’
    parallel.temper.nucl : parallel.temper.nucl.wrapped : singleChain: no
     visible global function definition for ‘quantile’
    parallel.temper.nucl.explicit : singleChain : moveRemove: no visible
     global function definition for ‘quantile’
    parallel.temper.nucl.explicit : singleChain: no visible global function
     definition for ‘runif’
    parallel.temper.nucl.explicit : singleChain: no visible global function
     definition for ‘quantile’
    reduce.space : reduce.space.wrapped: no visible global function
     definition for ‘quantile’
    reduce.space.explicit: no visible global function definition for
     ‘quantile’
    Undefined global functions or variables:
     dev.off pdf plot ppois quantile runif write.table
    Consider adding
     importFrom("grDevices", "dev.off", "pdf")
     importFrom("graphics", "plot")
     importFrom("stats", "ppois", "quantile", "runif")
     importFrom("utils", "write.table")
    to your NAMESPACE file.
Flavors: r-devel-linux-x86_64-debian-clang, r-devel-linux-x86_64-debian-gcc, r-devel-linux-x86_64-fedora-clang, r-devel-linux-x86_64-fedora-gcc, r-devel-macos-x86_64-clang, r-devel-windows-ix86+x86_64, r-patched-linux-x86_64, r-patched-solaris-sparc, r-patched-solaris-x86, r-release-linux-x86_64, r-release-windows-ix86+x86_64

Version: 0.2
Check: package dependencies
Result: ERROR
    Package required but not available: ‘Rmpi’
    
    See section ‘The DESCRIPTION file’ in the ‘Writing R Extensions’
    manual.
Flavor: r-release-osx-x86_64-mavericks