CRAN Package Check Results for Package mev

Last updated on 2016-10-24 23:48:23.

Flavor Version Tinstall Tcheck Ttotal Status Flags
r-devel-linux-x86_64-debian-clang 1.8.2 34.07 60.42 94.49 OK
r-devel-linux-x86_64-debian-gcc 1.8.2 36.11 62.86 98.96 NOTE
r-devel-linux-x86_64-fedora-clang 1.8.2 197.42 OK
r-devel-linux-x86_64-fedora-gcc 1.8.2 195.08 NOTE
r-devel-macos-x86_64-clang 1.8.2 140.43 OK
r-devel-windows-ix86+x86_64 1.8.2 120.00 145.00 265.00 OK
r-patched-linux-x86_64 1.8.2 31.29 58.62 89.90 OK
r-patched-solaris-sparc 1.8.2 1034.30 OK
r-patched-solaris-x86 1.8.2 197.50 OK
r-release-linux-x86_64 1.8.2 30.54 58.44 88.98 OK
r-release-osx-x86_64-mavericks 1.8.2 OK
r-release-windows-ix86+x86_64 1.8.2 125.00 119.00 244.00 OK
r-oldrel-windows-ix86+x86_64 1.8.2 112.00 167.00 279.00 OK

Check Details

Version: 1.8.2
Check: installed package size
Result: NOTE
     installed size is 5.2Mb
     sub-directories of 1Mb or more:
     libs 4.9Mb
Flavors: r-devel-linux-x86_64-debian-gcc, r-devel-linux-x86_64-fedora-gcc