Last updated on 2016-10-24 23:48:23.
Flavor | Version | Tinstall | Tcheck | Ttotal | Status | Flags |
---|---|---|---|---|---|---|
r-devel-linux-x86_64-debian-clang | 1.4-2.1 | 1.56 | 18.51 | 20.07 | NOTE | |
r-devel-linux-x86_64-debian-gcc | 1.4-2.1 | 1.45 | 18.25 | 19.71 | NOTE | |
r-devel-linux-x86_64-fedora-clang | 1.4-2.1 | 38.25 | NOTE | |||
r-devel-linux-x86_64-fedora-gcc | 1.4-2.1 | 36.21 | NOTE | |||
r-devel-macos-x86_64-clang | 1.4-2.1 | 30.59 | NOTE | |||
r-devel-windows-ix86+x86_64 | 1.4-2.1 | 13.00 | 71.00 | 84.00 | NOTE | |
r-patched-linux-x86_64 | 1.4-2.1 | 1.47 | 17.79 | 19.27 | NOTE | |
r-release-linux-x86_64 | 1.4-2.1 | 1.44 | 17.25 | 18.70 | NOTE | |
r-release-osx-x86_64-mavericks | 1.4-2.1 | NOTE | ||||
r-release-windows-ix86+x86_64 | 1.4-2.1 | 13.00 | 49.00 | 62.00 | NOTE | |
r-oldrel-windows-ix86+x86_64 | 1.4-2.1 | 12.00 | 80.00 | 92.00 | NOTE |
Version: 1.4-2.1
Check: for GNU extensions in Makefiles
Result: NOTE
GNU make is a SystemRequirements.
Flavors: r-devel-linux-x86_64-debian-clang, r-devel-linux-x86_64-debian-gcc, r-devel-linux-x86_64-fedora-clang, r-devel-linux-x86_64-fedora-gcc, r-devel-macos-x86_64-clang, r-devel-windows-ix86+x86_64, r-patched-linux-x86_64, r-release-linux-x86_64, r-release-osx-x86_64-mavericks, r-release-windows-ix86+x86_64, r-oldrel-windows-ix86+x86_64