Last updated on 2016-10-24 23:48:23.
Flavor | Version | Tinstall | Tcheck | Ttotal | Status | Flags |
---|---|---|---|---|---|---|
r-devel-linux-x86_64-debian-clang | 6.1.1 | 4.40 | 126.84 | 131.23 | OK | |
r-devel-linux-x86_64-debian-gcc | 6.1.1 | 4.43 | 124.33 | 128.76 | OK | |
r-devel-linux-x86_64-fedora-clang | 6.1.1 | 243.47 | OK | |||
r-devel-linux-x86_64-fedora-gcc | 6.1.1 | 229.52 | OK | |||
r-devel-macos-x86_64-clang | 6.1.1 | 182.22 | OK | |||
r-devel-windows-ix86+x86_64 | 6.1.1 | 16.00 | 244.00 | 260.00 | OK | |
r-patched-linux-x86_64 | 6.1.1 | 4.40 | 120.93 | 125.33 | OK | |
r-patched-solaris-sparc | 6.1.1 | 1394.80 | NOTE | |||
r-patched-solaris-x86 | 6.1.1 | 272.20 | NOTE | |||
r-release-linux-x86_64 | 6.1.1 | 4.67 | 116.86 | 121.53 | OK | |
r-release-osx-x86_64-mavericks | 6.1.1 | OK | ||||
r-release-windows-ix86+x86_64 | 6.1.1 | 21.00 | 177.00 | 198.00 | OK | |
r-oldrel-windows-ix86+x86_64 | 6.1.1 | 21.00 | 278.00 | 299.00 | OK |
Version: 6.1.1
Check: installed package size
Result: NOTE
installed size is 5.2Mb
sub-directories of 1Mb or more:
data 4.1Mb
Flavors: r-patched-solaris-sparc, r-patched-solaris-x86