Last updated on 2016-10-24 23:48:23.
Flavor | Version | Tinstall | Tcheck | Ttotal | Status | Flags |
---|---|---|---|---|---|---|
r-devel-linux-x86_64-debian-clang | 1.2.4 | 1.69 | 264.57 | 266.27 | WARN | |
r-devel-linux-x86_64-debian-gcc | 1.2.4 | 1.63 | 273.44 | 275.07 | WARN | |
r-devel-linux-x86_64-fedora-clang | 1.2.4 | 463.12 | WARN | |||
r-devel-linux-x86_64-fedora-gcc | 1.2.4 | 459.96 | WARN | |||
r-devel-macos-x86_64-clang | 1.2.4 | 329.93 | WARN | |||
r-devel-windows-ix86+x86_64 | 1.2.4 | 12.00 | 58.00 | 70.00 | WARN | --no-vignettes |
r-patched-linux-x86_64 | 1.2.4 | 1.47 | 269.62 | 271.09 | OK | |
r-patched-solaris-sparc | 1.2.4 | 187.30 | OK | --no-vignettes | ||
r-patched-solaris-x86 | 1.2.4 | 1638.10 | OK | |||
r-release-linux-x86_64 | 1.2.4 | 1.52 | 283.16 | 284.68 | OK | |
r-release-osx-x86_64-mavericks | 1.2.4 | OK | ||||
r-release-windows-ix86+x86_64 | 1.2.4 | 10.00 | 39.00 | 49.00 | OK | --no-vignettes |
r-oldrel-windows-ix86+x86_64 | 1.2.4 | 9.00 | 67.00 | 76.00 | OK | --no-vignettes |
Version: 1.2.4
Check: files in ‘vignettes’
Result: WARN
Files in the 'vignettes' directory newer than all files in 'inst/doc':
‘mnlogit.Rnw’
Flavors: r-devel-linux-x86_64-debian-clang, r-devel-linux-x86_64-debian-gcc, r-devel-linux-x86_64-fedora-clang, r-devel-linux-x86_64-fedora-gcc, r-devel-macos-x86_64-clang
Version: 1.2.4
Flags: --no-vignettes
Check: files in ‘vignettes’
Result: WARN
Files in the 'vignettes' directory newer than all files in 'inst/doc':
'mnlogit.Rnw'
Flavor: r-devel-windows-ix86+x86_64