Last updated on 2016-10-24 23:48:24.
Flavor | Version | Tinstall | Tcheck | Ttotal | Status | Flags |
---|---|---|---|---|---|---|
r-devel-linux-x86_64-debian-clang | 0.1.3 | 0.90 | 26.59 | 27.49 | NOTE | |
r-devel-linux-x86_64-debian-gcc | 0.1.3 | 0.95 | 26.33 | 27.28 | NOTE | |
r-devel-linux-x86_64-fedora-clang | 0.1.3 | 51.33 | NOTE | |||
r-devel-linux-x86_64-fedora-gcc | 0.1.3 | 48.33 | NOTE | |||
r-devel-macos-x86_64-clang | 0.1.3 | 42.53 | NOTE | |||
r-devel-windows-ix86+x86_64 | 0.1.3 | 5.00 | 64.00 | 69.00 | NOTE | |
r-patched-linux-x86_64 | 0.1.3 | 0.94 | 23.74 | 24.69 | NOTE | |
r-patched-solaris-sparc | 0.1.3 | 278.20 | NOTE | |||
r-patched-solaris-x86 | 0.1.3 | 65.30 | NOTE | |||
r-release-linux-x86_64 | 0.1.3 | 0.92 | 25.22 | 26.15 | NOTE | |
r-release-osx-x86_64-mavericks | 0.1.3 | NOTE | ||||
r-release-windows-ix86+x86_64 | 0.1.3 | 5.00 | 61.00 | 66.00 | NOTE | |
r-oldrel-windows-ix86+x86_64 | 0.1.3 | 7.00 | 63.00 | 70.00 | NOTE |
Version: 0.1.3
Check: R code for possible problems
Result: NOTE
ORplot.sub: no visible global function definition for ‘par’
ORplot.sub: no visible global function definition for ‘plot’
ORplot.sub: no visible global function definition for ‘rect’
ORplot.sub: no visible global function definition for ‘abline’
ORplot.sub: no visible global function definition for ‘text’
ORplot.sub: no visible global function definition for ‘segments’
ORplot.sub: no visible global function definition for ‘points’
densityplot: no visible global function definition for ‘terms’
densityplot: no visible global function definition for ‘as.formula’
densityplot: no visible global function definition for ‘rainbow’
densityplot: no visible global function definition for ‘density’
densityplot: no visible global function definition for ‘plot’
densityplot: no visible global function definition for ‘lines’
densityplot: no visible global function definition for ‘legend’
extractOR: no visible global function definition for ‘confint’
extractOR: no visible global function definition for ‘coef’
my.chisq.test: no visible global function definition for ‘xtabs’
my.chisq.test: no visible global function definition for ‘chisq.test’
my.chisq.test: no visible global function definition for ‘fisher.test’
my.t.test: no visible global function definition for ‘lm’
my.t.test: no visible global function definition for ‘shapiro.test’
my.t.test: no visible global function definition for ‘resid’
my.t.test: no visible global function definition for ‘var.test’
my.t.test: no visible global function definition for ‘t.test’
my.t.test: no visible global function definition for ‘kruskal.test’
my.t.test: no visible global function definition for ‘anova’
mycph: no visible global function definition for ‘terms’
mycph: no visible global function definition for ‘as.formula’
mycsv.cbind.mytable: no visible global function definition for
‘write.table’
mycsv.mytable: no visible global function definition for ‘write.csv’
mytable: no visible global function definition for ‘terms’
mytable: no visible global function definition for ‘as.formula’
mytable.sub: no visible global function definition for ‘na.omit’
mytable2: no visible global function definition for ‘terms’
mytable2: no visible global function definition for ‘as.formula’
num_summary: no visible binding for global variable ‘sd’
num_summary: no visible binding for global variable ‘median’
num_summary: no visible binding for global variable ‘mad’
num_summary: no visible binding for global variable ‘IQR’
num_summary: no visible binding for global variable ‘fivenum’
Undefined global functions or variables:
IQR abline anova as.formula chisq.test coef confint density
fisher.test fivenum kruskal.test legend lines lm mad median na.omit
par plot points rainbow rect resid sd segments shapiro.test t.test
terms text var.test write.csv write.table xtabs
Consider adding
importFrom("grDevices", "rainbow")
importFrom("graphics", "abline", "legend", "lines", "par", "plot",
"points", "rect", "segments", "text")
importFrom("stats", "IQR", "anova", "as.formula", "chisq.test", "coef",
"confint", "density", "fisher.test", "fivenum",
"kruskal.test", "lm", "mad", "median", "na.omit", "resid",
"sd", "shapiro.test", "t.test", "terms", "var.test",
"xtabs")
importFrom("utils", "write.csv", "write.table")
to your NAMESPACE file.
Flavors: r-devel-linux-x86_64-debian-clang, r-devel-linux-x86_64-debian-gcc, r-devel-linux-x86_64-fedora-clang, r-devel-linux-x86_64-fedora-gcc, r-devel-macos-x86_64-clang, r-devel-windows-ix86+x86_64, r-patched-linux-x86_64, r-patched-solaris-sparc, r-patched-solaris-x86, r-release-linux-x86_64, r-release-osx-x86_64-mavericks, r-release-windows-ix86+x86_64
Version: 0.1.3
Check: files in ‘vignettes’
Result: NOTE
The following directory looks like a leftover from 'knitr':
‘figure’
Please remove from your package.
Flavors: r-devel-linux-x86_64-debian-clang, r-devel-linux-x86_64-debian-gcc, r-devel-linux-x86_64-fedora-clang, r-devel-linux-x86_64-fedora-gcc, r-devel-macos-x86_64-clang, r-devel-windows-ix86+x86_64, r-patched-linux-x86_64, r-patched-solaris-sparc, r-patched-solaris-x86, r-release-linux-x86_64, r-release-osx-x86_64-mavericks, r-release-windows-ix86+x86_64, r-oldrel-windows-ix86+x86_64