Last updated on 2016-10-24 23:48:24.
Flavor | Version | Tinstall | Tcheck | Ttotal | Status | Flags |
---|---|---|---|---|---|---|
r-devel-linux-x86_64-debian-clang | 0.14.4 | 9.08 | 230.84 | 239.92 | NOTE | |
r-devel-linux-x86_64-debian-gcc | 0.14.4 | 9.02 | 235.59 | 244.61 | NOTE | |
r-devel-linux-x86_64-fedora-clang | 0.14.4 | 504.69 | NOTE | |||
r-devel-linux-x86_64-fedora-gcc | 0.14.4 | 498.94 | NOTE | |||
r-devel-macos-x86_64-clang | 0.14.4 | 379.53 | NOTE | |||
r-devel-windows-ix86+x86_64 | 0.14.4 | 33.00 | 583.00 | 616.00 | NOTE | |
r-patched-linux-x86_64 | 0.14.4 | 8.53 | 235.60 | 244.13 | NOTE | |
r-patched-solaris-sparc | 0.14.4 | 2491.70 | NOTE | |||
r-patched-solaris-x86 | 0.14.4 | 587.60 | NOTE | |||
r-release-linux-x86_64 | 0.14.4 | 8.87 | 231.46 | 240.33 | NOTE | |
r-release-osx-x86_64-mavericks | 0.14.4 | NOTE | ||||
r-release-windows-ix86+x86_64 | 0.14.4 | 29.00 | 563.00 | 592.00 | NOTE | |
r-oldrel-windows-ix86+x86_64 | 0.14.4 | 42.00 | 573.00 | 615.00 | NOTE |
Version: 0.14.4
Check: installed package size
Result: NOTE
installed size is 9.3Mb
sub-directories of 1Mb or more:
R 1.8Mb
doc 6.9Mb
Flavors: r-devel-linux-x86_64-debian-clang, r-devel-linux-x86_64-debian-gcc, r-devel-linux-x86_64-fedora-clang, r-devel-linux-x86_64-fedora-gcc, r-devel-macos-x86_64-clang, r-devel-windows-ix86+x86_64, r-patched-linux-x86_64, r-patched-solaris-sparc, r-patched-solaris-x86, r-release-linux-x86_64, r-release-osx-x86_64-mavericks, r-release-windows-ix86+x86_64, r-oldrel-windows-ix86+x86_64