Last updated on 2016-10-24 23:48:24.
Flavor | Version | Tinstall | Tcheck | Ttotal | Status | Flags |
---|---|---|---|---|---|---|
r-devel-linux-x86_64-debian-clang | 2.1.0 | 17.87 | 141.12 | 159.00 | OK | |
r-devel-linux-x86_64-debian-gcc | 2.1.0 | 17.62 | 134.33 | 151.95 | OK | |
r-devel-linux-x86_64-fedora-clang | 2.1.0 | 306.73 | OK | |||
r-devel-linux-x86_64-fedora-gcc | 2.1.0 | 294.79 | OK | |||
r-devel-macos-x86_64-clang | 2.1.0 | 200.98 | OK | |||
r-devel-windows-ix86+x86_64 | 2.1.0 | 74.00 | 395.00 | 469.00 | NOTE | |
r-patched-linux-x86_64 | 2.1.0 | 16.09 | 136.25 | 152.33 | OK | |
r-patched-solaris-sparc | 2.1.0 | 1570.50 | OK | --no-build-vignettes | ||
r-patched-solaris-x86 | 2.1.0 | 342.50 | OK | |||
r-release-linux-x86_64 | 2.1.0 | 15.67 | 135.18 | 150.86 | OK | |
r-release-osx-x86_64-mavericks | 2.1.0 | OK | ||||
r-release-windows-ix86+x86_64 | 2.1.0 | 68.00 | 394.00 | 462.00 | OK | |
r-oldrel-windows-ix86+x86_64 | 2.1.0 | 63.00 | 446.00 | 509.00 | OK |
Version: 2.1.0
Check: installed package size
Result: NOTE
installed size is 5.0Mb
sub-directories of 1Mb or more:
data 1.5Mb
libs 1.4Mb
Flavor: r-devel-windows-ix86+x86_64