CRAN Package Check Results for Package mph

Last updated on 2016-10-24 23:48:24.

Flavor Version Tinstall Tcheck Ttotal Status Flags
r-devel-linux-x86_64-debian-clang 0.9 4.65 9.36 14.01 NOTE
r-devel-linux-x86_64-debian-gcc 0.9 5.31 8.99 14.29 NOTE
r-devel-linux-x86_64-fedora-clang 0.9 27.54 NOTE
r-devel-linux-x86_64-fedora-gcc 0.9 25.09 NOTE
r-devel-macos-x86_64-clang 0.9 21.10 NOTE
r-devel-windows-ix86+x86_64 0.9 25.00 24.00 49.00 NOTE
r-patched-linux-x86_64 0.9 5.05 8.37 13.43 NOTE
r-patched-solaris-sparc 0.9 134.60 NOTE
r-patched-solaris-x86 0.9 35.30 NOTE
r-release-linux-x86_64 0.9 5.07 8.79 13.86 NOTE
r-release-osx-x86_64-mavericks 0.9 NOTE
r-release-windows-ix86+x86_64 0.9 18.00 24.00 42.00 NOTE
r-oldrel-windows-ix86+x86_64 0.9 16.00 30.00 46.00 NOTE

Check Details

Version: 0.9
Check: DESCRIPTION meta-information
Result: NOTE
    Malformed Description field: should contain one or more complete sentences.
Flavors: r-devel-linux-x86_64-debian-clang, r-devel-linux-x86_64-debian-gcc, r-devel-linux-x86_64-fedora-clang, r-devel-linux-x86_64-fedora-gcc, r-devel-macos-x86_64-clang, r-devel-windows-ix86+x86_64, r-patched-linux-x86_64, r-patched-solaris-sparc, r-patched-solaris-x86, r-release-linux-x86_64, r-release-osx-x86_64-mavericks, r-release-windows-ix86+x86_64, r-oldrel-windows-ix86+x86_64

Version: 0.9
Check: R code for possible problems
Result: NOTE
    perf.sphere.dim: no visible global function definition for ‘rnorm’
    Undefined global functions or variables:
     rnorm
    Consider adding
     importFrom("stats", "rnorm")
    to your NAMESPACE file.
Flavors: r-devel-linux-x86_64-debian-clang, r-devel-linux-x86_64-debian-gcc, r-devel-linux-x86_64-fedora-clang, r-devel-linux-x86_64-fedora-gcc, r-devel-macos-x86_64-clang, r-devel-windows-ix86+x86_64, r-patched-linux-x86_64, r-patched-solaris-sparc, r-patched-solaris-x86, r-release-linux-x86_64, r-release-osx-x86_64-mavericks, r-release-windows-ix86+x86_64

Version: 0.9
Check: compiled code
Result: NOTE
    File ‘mph/libs/mph.so’:
     Found ‘rand’, possibly from ‘rand’ (C)
     Object: ‘mph.o’
     Found ‘srand’, possibly from ‘srand’ (C)
     Object: ‘mph.o’
    
    Compiled code should not call entry points which might terminate R nor
    write to stdout/stderr instead of to the console, nor the system RNG.
    
    See ‘Writing portable packages’ in the ‘Writing R Extensions’ manual.
Flavors: r-devel-linux-x86_64-debian-clang, r-devel-linux-x86_64-debian-gcc, r-devel-linux-x86_64-fedora-clang, r-devel-linux-x86_64-fedora-gcc, r-patched-linux-x86_64, r-patched-solaris-sparc, r-patched-solaris-x86, r-release-linux-x86_64

Version: 0.9
Check: compiled code
Result: NOTE
    File ‘mph/libs/mph.so’:
     Found ‘_rand’, possibly from ‘rand’ (C)
     Object: ‘mph.o’
     Found ‘_srand’, possibly from ‘srand’ (C)
     Object: ‘mph.o’
    
    Compiled code should not call entry points which might terminate R nor
    write to stdout/stderr instead of to the console, nor the system RNG.
    
    See ‘Writing portable packages’ in the ‘Writing R Extensions’ manual.
Flavors: r-devel-macos-x86_64-clang, r-release-osx-x86_64-mavericks

Version: 0.9
Check: compiled code
Result: NOTE
    File 'mph/libs/i386/mph.dll':
     Found 'rand', possibly from 'rand' (C)
     Object: 'mph.o'
     Found 'srand', possibly from 'srand' (C)
     Object: 'mph.o'
    File 'mph/libs/x64/mph.dll':
     Found 'rand', possibly from 'rand' (C)
     Object: 'mph.o'
     Found 'srand', possibly from 'srand' (C)
     Object: 'mph.o'
    
    Compiled code should not call entry points which might terminate R nor
    write to stdout/stderr instead of to the console, nor the system RNG.
    
    See 'Writing portable packages' in the 'Writing R Extensions' manual.
Flavor: r-oldrel-windows-ix86+x86_64