CRAN Package Check Results for Package multispatialCCM

Last updated on 2016-10-24 23:48:24.

Flavor Version Tinstall Tcheck Ttotal Status Flags
r-devel-linux-x86_64-debian-clang 1.0 1.31 13.11 14.42 NOTE
r-devel-linux-x86_64-debian-gcc 1.0 1.11 12.90 14.01 NOTE
r-devel-linux-x86_64-fedora-clang 1.0 24.49 NOTE
r-devel-linux-x86_64-fedora-gcc 1.0 22.68 NOTE
r-devel-macos-x86_64-clang 1.0 21.62 NOTE
r-devel-windows-ix86+x86_64 1.0 11.00 34.00 45.00 NOTE
r-patched-linux-x86_64 1.0 1.10 12.21 13.31 NOTE
r-patched-solaris-sparc 1.0 232.70 NOTE
r-patched-solaris-x86 1.0 50.50 NOTE
r-release-linux-x86_64 1.0 1.02 12.09 13.11 NOTE
r-release-osx-x86_64-mavericks 1.0 NOTE
r-release-windows-ix86+x86_64 1.0 6.00 35.00 41.00 NOTE
r-oldrel-windows-ix86+x86_64 1.0 7.00 30.00 37.00 OK

Check Details

Version: 1.0
Check: R code for possible problems
Result: NOTE
    CCM_boot : <anonymous>: no visible global function definition for ‘sd’
    SSR_check_signal: no visible global function definition for ‘cor’
    SSR_check_signal: no visible global function definition for ‘cor.test’
    SSR_check_signal: no visible global function definition for ‘lm’
    SSR_pred_boot: no visible global function definition for ‘cor’
    make_ccm_data: no visible global function definition for ‘rnorm’
    make_ccm_data: no visible global function definition for ‘runif’
    make_ccm_data: no visible global function definition for ‘rlnorm’
    Undefined global functions or variables:
     cor cor.test lm rlnorm rnorm runif sd
    Consider adding
     importFrom("stats", "cor", "cor.test", "lm", "rlnorm", "rnorm",
     "runif", "sd")
    to your NAMESPACE file.
Flavors: r-devel-linux-x86_64-debian-clang, r-devel-linux-x86_64-debian-gcc, r-devel-linux-x86_64-fedora-clang, r-devel-linux-x86_64-fedora-gcc, r-devel-macos-x86_64-clang, r-devel-windows-ix86+x86_64, r-patched-linux-x86_64, r-patched-solaris-sparc, r-patched-solaris-x86, r-release-linux-x86_64, r-release-osx-x86_64-mavericks, r-release-windows-ix86+x86_64