Last updated on 2016-10-24 23:48:24.
Flavor | Version | Tinstall | Tcheck | Ttotal | Status | Flags |
---|---|---|---|---|---|---|
r-devel-linux-x86_64-debian-clang | 0.1-11 | 0.98 | 10.35 | 11.33 | NOTE | |
r-devel-linux-x86_64-debian-gcc | 0.1-11 | 0.92 | 10.13 | 11.05 | NOTE | |
r-devel-linux-x86_64-fedora-clang | 0.1-11 | 19.80 | NOTE | |||
r-devel-linux-x86_64-fedora-gcc | 0.1-11 | 17.92 | NOTE | |||
r-devel-macos-x86_64-clang | 0.1-11 | 17.63 | NOTE | |||
r-devel-windows-ix86+x86_64 | 0.1-11 | 10.00 | 29.00 | 39.00 | NOTE | |
r-patched-linux-x86_64 | 0.1-11 | 0.86 | 9.39 | 10.25 | NOTE | |
r-patched-solaris-sparc | 0.1-11 | 97.80 | NOTE | |||
r-patched-solaris-x86 | 0.1-11 | 24.60 | NOTE | |||
r-release-linux-x86_64 | 0.1-11 | 0.82 | 9.29 | 10.11 | NOTE | |
r-release-osx-x86_64-mavericks | 0.1-11 | NOTE | ||||
r-release-windows-ix86+x86_64 | 0.1-11 | 5.00 | 27.00 | 32.00 | NOTE | |
r-oldrel-windows-ix86+x86_64 | 0.1-11 | 12.00 | 27.00 | 39.00 | NOTE |
Version: 0.1-11
Check: DESCRIPTION meta-information
Result: NOTE
Malformed Title field: should not end in a period.
Flavors: r-devel-linux-x86_64-debian-clang, r-devel-linux-x86_64-debian-gcc, r-devel-linux-x86_64-fedora-clang, r-devel-linux-x86_64-fedora-gcc, r-devel-macos-x86_64-clang, r-devel-windows-ix86+x86_64, r-patched-linux-x86_64, r-patched-solaris-sparc, r-patched-solaris-x86, r-release-linux-x86_64, r-release-osx-x86_64-mavericks, r-release-windows-ix86+x86_64, r-oldrel-windows-ix86+x86_64
Version: 0.1-11
Check: R code for possible problems
Result: NOTE
getstartvals: no visible global function definition for ‘cov’
mlest: no visible global function definition for ‘nlm’
Undefined global functions or variables:
cov nlm
Consider adding
importFrom("stats", "cov", "nlm")
to your NAMESPACE file.
Flavors: r-devel-linux-x86_64-debian-clang, r-devel-linux-x86_64-debian-gcc, r-devel-linux-x86_64-fedora-clang, r-devel-linux-x86_64-fedora-gcc, r-devel-macos-x86_64-clang, r-devel-windows-ix86+x86_64, r-patched-linux-x86_64, r-patched-solaris-sparc, r-patched-solaris-x86, r-release-linux-x86_64, r-release-osx-x86_64-mavericks, r-release-windows-ix86+x86_64