CRAN Package Check Results for Package nabor

Last updated on 2016-10-24 23:48:24.

Flavor Version Tinstall Tcheck Ttotal Status Flags
r-devel-linux-x86_64-debian-clang 0.4.6 30.38 16.69 47.08 NOTE
r-devel-linux-x86_64-debian-gcc 0.4.6 29.64 16.70 46.34 NOTE
r-devel-linux-x86_64-fedora-clang 0.4.6 92.86 NOTE
r-devel-linux-x86_64-fedora-gcc 0.4.6 84.29 NOTE
r-devel-macos-x86_64-clang 0.4.6 66.29 OK
r-devel-windows-ix86+x86_64 0.4.6 110.00 54.00 164.00 OK
r-patched-linux-x86_64 0.4.6 24.69 16.31 41.00 NOTE
r-patched-solaris-sparc 0.4.6 413.10 OK
r-patched-solaris-x86 0.4.6 86.20 OK
r-release-linux-x86_64 0.4.6 24.96 15.63 40.59 NOTE
r-release-osx-x86_64-mavericks 0.4.6 NOTE
r-release-windows-ix86+x86_64 0.4.6 114.00 51.00 165.00 OK
r-oldrel-windows-ix86+x86_64 0.4.6 117.00 63.00 180.00 OK

Check Details

Version: 0.4.6
Check: installed package size
Result: NOTE
     installed size is 7.7Mb
     sub-directories of 1Mb or more:
     libs 7.6Mb
Flavors: r-devel-linux-x86_64-debian-clang, r-devel-linux-x86_64-debian-gcc, r-devel-linux-x86_64-fedora-clang, r-devel-linux-x86_64-fedora-gcc, r-patched-linux-x86_64, r-release-linux-x86_64, r-release-osx-x86_64-mavericks