Last updated on 2016-10-24 23:48:25.
Flavor | Version | Tinstall | Tcheck | Ttotal | Status | Flags |
---|---|---|---|---|---|---|
r-devel-linux-x86_64-debian-clang | 1.2 | 0.65 | 6.36 | 7.01 | OK | |
r-devel-linux-x86_64-debian-gcc | 1.2 | 0.60 | 6.31 | 6.91 | OK | |
r-devel-linux-x86_64-fedora-clang | 1.2 | 11.36 | NOTE | |||
r-devel-linux-x86_64-fedora-gcc | 1.2 | 10.81 | NOTE | |||
r-devel-macos-x86_64-clang | 1.2 | 10.59 | NOTE | |||
r-devel-windows-ix86+x86_64 | 1.2 | 4.00 | 18.00 | 22.00 | OK | |
r-patched-linux-x86_64 | 1.2 | 0.68 | 5.88 | 6.56 | OK | |
r-patched-solaris-sparc | 1.2 | 62.70 | NOTE | |||
r-patched-solaris-x86 | 1.2 | 14.10 | NOTE | |||
r-release-linux-x86_64 | 1.2 | 0.56 | 5.90 | 6.46 | OK | |
r-release-osx-x86_64-mavericks | 1.2 | NOTE | ||||
r-release-windows-ix86+x86_64 | 1.2 | 3.00 | 18.00 | 21.00 | OK | |
r-oldrel-windows-ix86+x86_64 | 1.2 | 2.00 | 16.00 | 18.00 | NOTE |
Version: 1.2
Check: data for non-ASCII characters
Result: NOTE
Note: found 3 marked UTF-8 strings
Flavors: r-devel-linux-x86_64-fedora-clang, r-devel-linux-x86_64-fedora-gcc, r-devel-macos-x86_64-clang, r-patched-solaris-sparc, r-patched-solaris-x86, r-release-osx-x86_64-mavericks, r-oldrel-windows-ix86+x86_64