CRAN Package Check Results for Package osrm

Last updated on 2016-10-24 23:48:26.

Flavor Version Tinstall Tcheck Ttotal Status Flags
r-devel-linux-x86_64-debian-clang 3.0.0 0.61 12.84 13.45 OK
r-devel-linux-x86_64-debian-gcc 3.0.0 0.78 12.65 13.43 OK
r-devel-linux-x86_64-fedora-clang 3.0.0 23.46 NOTE
r-devel-linux-x86_64-fedora-gcc 3.0.0 21.87 NOTE
r-devel-macos-x86_64-clang 3.0.0 20.59 NOTE
r-devel-windows-ix86+x86_64 3.0.0 5.00 38.00 43.00 OK
r-patched-linux-x86_64 3.0.0 0.71 11.91 12.63 OK
r-patched-solaris-sparc 3.0.0 127.20 NOTE
r-patched-solaris-x86 3.0.0 28.20 NOTE
r-release-linux-x86_64 3.0.0 0.61 11.83 12.44 OK
r-release-osx-x86_64-mavericks 3.0.0 NOTE
r-release-windows-ix86+x86_64 3.0.0 4.00 30.00 34.00 OK
r-oldrel-windows-ix86+x86_64 3.0.0 4.00 39.00 43.00 NOTE

Check Details

Version: 3.0.0
Check: dependencies in R code
Result: NOTE
    Namespace in Imports field not imported from: ‘bitops’
     All declared Imports should be used.
Flavors: r-devel-linux-x86_64-fedora-clang, r-devel-linux-x86_64-fedora-gcc, r-devel-macos-x86_64-clang, r-patched-solaris-sparc, r-patched-solaris-x86, r-release-osx-x86_64-mavericks, r-oldrel-windows-ix86+x86_64