CRAN Package Check Results for Package packClassic

Last updated on 2016-10-24 23:48:26.

Flavor Version Tinstall Tcheck Ttotal Status Flags
r-devel-linux-x86_64-debian-clang 0.5.2 0.53 9.72 10.25 NOTE
r-devel-linux-x86_64-debian-gcc 0.5.2 0.60 9.83 10.44 NOTE
r-devel-linux-x86_64-fedora-clang 0.5.2 17.04 NOTE
r-devel-linux-x86_64-fedora-gcc 0.5.2 16.22 NOTE
r-devel-macos-x86_64-clang 0.5.2 16.11 NOTE
r-devel-windows-ix86+x86_64 0.5.2 4.00 25.00 29.00 NOTE
r-patched-linux-x86_64 0.5.2 0.52 9.14 9.67 NOTE
r-patched-solaris-sparc 0.5.2 91.70 NOTE
r-patched-solaris-x86 0.5.2 21.40 NOTE
r-release-linux-x86_64 0.5.2 0.60 9.03 9.63 NOTE
r-release-osx-x86_64-mavericks 0.5.2 NOTE
r-release-windows-ix86+x86_64 0.5.2 2.00 28.00 30.00 NOTE
r-oldrel-windows-ix86+x86_64 0.5.2 2.00 22.00 24.00 NOTE

Check Details

Version: 0.5.2
Check: DESCRIPTION meta-information
Result: NOTE
    Malformed Description field: should contain one or more complete sentences.
Flavors: r-devel-linux-x86_64-debian-clang, r-devel-linux-x86_64-debian-gcc, r-devel-linux-x86_64-fedora-clang, r-devel-linux-x86_64-fedora-gcc, r-devel-macos-x86_64-clang, r-devel-windows-ix86+x86_64, r-patched-linux-x86_64, r-patched-solaris-sparc, r-patched-solaris-x86, r-release-linux-x86_64, r-release-osx-x86_64-mavericks, r-release-windows-ix86+x86_64, r-oldrel-windows-ix86+x86_64

Version: 0.5.2
Check: top-level files
Result: NOTE
    Non-standard files/directories found at top level:
     ‘DESCRIPTION_EX’ ‘divers’ ‘main.R’ ‘testsDev’
Flavors: r-devel-linux-x86_64-debian-clang, r-devel-linux-x86_64-debian-gcc, r-devel-linux-x86_64-fedora-clang, r-devel-linux-x86_64-fedora-gcc, r-patched-linux-x86_64, r-release-linux-x86_64