CRAN Package Check Results for Package pbdNCDF4

Last updated on 2016-10-24 23:48:26.

Flavor Version Tinstall Tcheck Ttotal Status Flags
r-devel-linux-x86_64-debian-clang 0.1-4 2.71 21.36 24.06 OK
r-devel-linux-x86_64-debian-gcc 0.1-4 2.71 21.62 24.32 OK
r-devel-linux-x86_64-fedora-clang 0.1-4 39.57 OK
r-devel-linux-x86_64-fedora-gcc 0.1-4 38.22 OK
r-devel-macos-x86_64-clang 0.1-4 36.43 OK
r-devel-windows-ix86+x86_64 0.1-4 20.00 54.00 74.00 NOTE
r-patched-linux-x86_64 0.1-4 4.59 19.74 24.33 OK
r-patched-solaris-sparc 0.1-4 221.60 OK
r-patched-solaris-x86 0.1-4 46.20 OK
r-release-linux-x86_64 0.1-4 4.52 19.48 24.00 OK
r-release-osx-x86_64-mavericks 0.1-4 NOTE
r-release-windows-ix86+x86_64 0.1-4 10.00 50.00 60.00 NOTE
r-oldrel-windows-ix86+x86_64 0.1-4 11.00 48.00 59.00 NOTE

Check Details

Version: 0.1-4
Check: R code for possible problems
Result: NOTE
    Not exits: C:/Program Files/netCDF 4.3.2
    Not exits: C:/Program Files/netCDF 4.3.2/bin
    Not exits: C:/Program Files/netCDF 4.3.2/deps/x64/bin
    Not exits: C:/Program Files/netCDF 4.3.2/deps/x64/bin/msvcp100.dll
    Not exits: C:/Program Files/netCDF 4.3.2/deps/x64/bin/msvcr100.dll
    Not exits: C:/Program Files/netCDF 4.3.2/deps/x64/bin/zlib.dll
    Not exits: C:/Program Files/netCDF 4.3.2/deps/x64/bin/hdf5.dll
    Not exits: C:/Program Files/netCDF 4.3.2/deps/x64/bin/hdf5_hl.dll
    Not exits: C:/Program Files/netCDF 4.3.2/bin/netcdf.dll
    ===== WARNING =====
    - netCDF 4.3.2 may not install at compile time.
    - Environment variables may not be correct at compile and run time.
    - pbdNCDF4 binary may not link with netCDF.
    - Please consider to rebuild from source.
    ===================
    get.sysenv: no visible global function definition for 'shortPathName'
    Undefined global functions or variables:
     shortPathName
    Consider adding
     importFrom("utils", "shortPathName")
    to your NAMESPACE file.
Flavors: r-devel-windows-ix86+x86_64, r-release-windows-ix86+x86_64

Version: 0.1-4
Check: package dependencies
Result: NOTE
    Package which this enhances but not available for checking: ‘pbdMPI’
Flavor: r-release-osx-x86_64-mavericks

Version: 0.1-4
Check: R code for possible problems
Result: NOTE
    Not exits: C:/Program Files/netCDF 4.3.2
    Not exits: C:/Program Files/netCDF 4.3.2/bin
    Not exits: C:/Program Files/netCDF 4.3.2/deps/x64/bin
    Not exits: C:/Program Files/netCDF 4.3.2/deps/x64/bin/msvcp100.dll
    Not exits: C:/Program Files/netCDF 4.3.2/deps/x64/bin/msvcr100.dll
    Not exits: C:/Program Files/netCDF 4.3.2/deps/x64/bin/zlib.dll
    Not exits: C:/Program Files/netCDF 4.3.2/deps/x64/bin/hdf5.dll
    Not exits: C:/Program Files/netCDF 4.3.2/deps/x64/bin/hdf5_hl.dll
    Not exits: C:/Program Files/netCDF 4.3.2/bin/netcdf.dll
    ===== WARNING =====
    - netCDF 4.3.2 may not install at compile time.
    - Environment variables may not be correct at compile and run time.
    - pbdNCDF4 binary may not link with netCDF.
    - Please consider to rebuild from source.
    ===================
Flavor: r-oldrel-windows-ix86+x86_64