Last updated on 2016-10-24 23:48:26.
Flavor | Version | Tinstall | Tcheck | Ttotal | Status | Flags |
---|---|---|---|---|---|---|
r-devel-linux-x86_64-debian-clang | 0.1.0 | 0.65 | 20.93 | 21.58 | OK | |
r-devel-linux-x86_64-debian-gcc | 0.1.0 | 0.68 | 20.07 | 20.75 | OK | |
r-devel-linux-x86_64-fedora-clang | 0.1.0 | 40.50 | NOTE | |||
r-devel-linux-x86_64-fedora-gcc | 0.1.0 | 36.70 | NOTE | |||
r-devel-macos-x86_64-clang | 0.1.0 | 33.90 | NOTE | |||
r-devel-windows-ix86+x86_64 | 0.1.0 | 5.00 | 53.00 | 58.00 | OK | |
r-patched-linux-x86_64 | 0.1.0 | 0.75 | 18.64 | 19.39 | OK | |
r-patched-solaris-sparc | 0.1.0 | 224.70 | NOTE | |||
r-patched-solaris-x86 | 0.1.0 | 47.90 | NOTE | |||
r-release-linux-x86_64 | 0.1.0 | 0.73 | 18.65 | 19.38 | OK | |
r-release-osx-x86_64-mavericks | 0.1.0 | NOTE | ||||
r-release-windows-ix86+x86_64 | 0.1.0 | 3.00 | 50.00 | 53.00 | OK | |
r-oldrel-windows-ix86+x86_64 | 0.1.0 | 4.00 | 51.00 | 55.00 | NOTE |
Version: 0.1.0
Check: dependencies in R code
Result: NOTE
Namespace in Imports field not imported from: ‘randomForest’
All declared Imports should be used.
Flavors: r-devel-linux-x86_64-fedora-clang, r-devel-linux-x86_64-fedora-gcc, r-devel-macos-x86_64-clang, r-patched-solaris-sparc, r-patched-solaris-x86, r-release-osx-x86_64-mavericks, r-oldrel-windows-ix86+x86_64