CRAN Package Check Results for Package pec

Last updated on 2016-10-24 23:48:26.

Flavor Version Tinstall Tcheck Ttotal Status Flags
r-devel-linux-x86_64-debian-clang 2.4.9 4.17 59.24 63.41 OK
r-devel-linux-x86_64-debian-gcc 2.4.9 3.82 57.79 61.61 OK
r-devel-linux-x86_64-fedora-clang 2.4.9 133.44 OK
r-devel-linux-x86_64-fedora-gcc 2.4.9 131.12 OK
r-devel-macos-x86_64-clang 2.4.9 106.46 OK
r-devel-windows-ix86+x86_64 2.4.9 21.00 179.00 200.00 NOTE
r-patched-linux-x86_64 2.4.9 3.78 55.84 59.62 OK
r-patched-solaris-sparc 2.4.9 734.00 OK
r-patched-solaris-x86 2.4.9 147.50 OK
r-release-linux-x86_64 2.4.9 4.11 56.76 60.87 OK
r-release-osx-x86_64-mavericks 2.4.9 OK
r-release-windows-ix86+x86_64 2.4.9 24.00 117.00 141.00 NOTE
r-oldrel-windows-ix86+x86_64 2.4.9 29.00 191.00 220.00 NOTE

Check Details

Version: 2.4.9
Check: package dependencies
Result: NOTE
    Package suggested but not available for checking: 'doMC'
Flavors: r-devel-windows-ix86+x86_64, r-release-windows-ix86+x86_64, r-oldrel-windows-ix86+x86_64