Last updated on 2016-10-24 23:48:27.
Flavor | Version | Tinstall | Tcheck | Ttotal | Status | Flags |
---|---|---|---|---|---|---|
r-devel-linux-x86_64-debian-clang | 0.2.0 | 2.52 | 35.81 | 38.33 | OK | |
r-devel-linux-x86_64-debian-gcc | 0.2.0 | 0.81 | 34.39 | 35.19 | OK | |
r-devel-linux-x86_64-fedora-clang | 0.2.0 | 70.67 | NOTE | |||
r-devel-linux-x86_64-fedora-gcc | 0.2.0 | 68.33 | NOTE | |||
r-devel-macos-x86_64-clang | 0.2.0 | 54.33 | NOTE | |||
r-devel-windows-ix86+x86_64 | 0.2.0 | 6.00 | 86.00 | 92.00 | OK | |
r-patched-linux-x86_64 | 0.2.0 | 0.70 | 35.63 | 36.33 | OK | |
r-patched-solaris-sparc | 0.2.0 | 465.40 | NOTE | |||
r-patched-solaris-x86 | 0.2.0 | 88.90 | NOTE | |||
r-release-linux-x86_64 | 0.2.0 | 0.72 | 33.76 | 34.48 | OK | |
r-release-osx-x86_64-mavericks | 0.2.0 | NOTE | ||||
r-release-windows-ix86+x86_64 | 0.2.0 | 6.00 | 61.00 | 67.00 | OK | |
r-oldrel-windows-ix86+x86_64 | 0.2.0 | 6.00 | 95.00 | 101.00 | NOTE |
Version: 0.2.0
Check: dependencies in R code
Result: NOTE
Namespace in Imports field not imported from: ‘ape’
All declared Imports should be used.
Flavors: r-devel-linux-x86_64-fedora-clang, r-devel-linux-x86_64-fedora-gcc, r-devel-macos-x86_64-clang, r-patched-solaris-sparc, r-patched-solaris-x86, r-release-osx-x86_64-mavericks, r-oldrel-windows-ix86+x86_64