CRAN Package Check Results for Package plan

Last updated on 2016-10-24 23:48:27.

Flavor Version Tinstall Tcheck Ttotal Status Flags
r-devel-linux-x86_64-debian-clang 0.4-2 0.62 13.54 14.15 NOTE
r-devel-linux-x86_64-debian-gcc 0.4-2 0.67 13.65 14.32 NOTE
r-devel-linux-x86_64-fedora-clang 0.4-2 24.82 NOTE
r-devel-linux-x86_64-fedora-gcc 0.4-2 23.47 NOTE
r-devel-macos-x86_64-clang 0.4-2 21.85 NOTE
r-devel-windows-ix86+x86_64 0.4-2 6.00 37.00 43.00 NOTE
r-patched-linux-x86_64 0.4-2 0.65 12.75 13.39 NOTE
r-patched-solaris-sparc 0.4-2 140.00 NOTE
r-patched-solaris-x86 0.4-2 31.00 NOTE
r-release-linux-x86_64 0.4-2 0.65 12.52 13.17 NOTE
r-release-osx-x86_64-mavericks 0.4-2 NOTE
r-release-windows-ix86+x86_64 0.4-2 3.00 37.00 40.00 NOTE
r-oldrel-windows-ix86+x86_64 0.4-2 3.00 33.00 36.00 OK

Check Details

Version: 0.4-2
Check: R code for possible problems
Result: NOTE
    plot.burndown: no visible global function definition for ‘par’
    plot.burndown: no visible global function definition for ‘hcl’
    plot.burndown: no visible global function definition for ‘plot’
    plot.burndown: no visible global function definition for ‘polygon’
    plot.burndown: no visible global function definition for ‘lm’
    plot.burndown: no visible global function definition for ‘abline’
    plot.burndown: no visible global function definition for ‘lines’
    plot.burndown: no visible global function definition for ‘points’
    plot.burndown: no visible global function definition for ‘legend’
    plot.burndown: no visible global function definition for ‘mtext’
    plot.gantt: no visible global function definition for ‘gray’
    plot.gantt: no visible global function definition for ‘par’
    plot.gantt: no visible global function definition for ‘strheight’
    plot.gantt: no visible global function definition for ‘strwidth’
    plot.gantt: no visible global function definition for ‘plot’
    plot.gantt: no visible global function definition for ‘box’
    plot.gantt: no visible global function definition for ‘mtext’
    plot.gantt: no visible global function definition for ‘axis.POSIXct’
    plot.gantt: no visible global function definition for ‘rug’
    plot.gantt: no visible global function definition for ‘abline’
    plot.gantt: no visible global function definition for ‘axis’
    plot.gantt: no visible global function definition for ‘lines’
    plot.gantt: no visible global function definition for ‘rect’
    Undefined global functions or variables:
     abline axis axis.POSIXct box gray hcl legend lines lm mtext par plot
     points polygon rect rug strheight strwidth
    Consider adding
     importFrom("grDevices", "gray", "hcl")
     importFrom("graphics", "abline", "axis", "axis.POSIXct", "box",
     "legend", "lines", "mtext", "par", "plot", "points",
     "polygon", "rect", "rug", "strheight", "strwidth")
     importFrom("stats", "lm")
    to your NAMESPACE file.
Flavors: r-devel-linux-x86_64-debian-clang, r-devel-linux-x86_64-debian-gcc, r-devel-linux-x86_64-fedora-clang, r-devel-linux-x86_64-fedora-gcc, r-devel-macos-x86_64-clang, r-devel-windows-ix86+x86_64, r-patched-linux-x86_64, r-patched-solaris-sparc, r-patched-solaris-x86, r-release-linux-x86_64, r-release-osx-x86_64-mavericks, r-release-windows-ix86+x86_64