Last updated on 2016-10-24 23:48:27.
Flavor | Version | Tinstall | Tcheck | Ttotal | Status | Flags |
---|---|---|---|---|---|---|
r-devel-linux-x86_64-debian-clang | 0.4 | 1.02 | 36.78 | 37.81 | NOTE | |
r-devel-linux-x86_64-debian-gcc | 0.4 | 0.92 | 32.90 | 33.82 | NOTE | |
r-devel-linux-x86_64-fedora-clang | 0.4 | 57.68 | NOTE | |||
r-devel-linux-x86_64-fedora-gcc | 0.4 | 51.66 | NOTE | |||
r-devel-macos-x86_64-clang | 0.4 | 23.06 | NOTE | |||
r-devel-windows-ix86+x86_64 | 0.4 | 9.00 | 68.00 | 77.00 | NOTE | |
r-patched-linux-x86_64 | 0.4 | 0.94 | 32.28 | 33.22 | NOTE | |
r-patched-solaris-sparc | 0.4 | 231.20 | NOTE | |||
r-patched-solaris-x86 | 0.4 | 43.20 | NOTE | |||
r-release-linux-x86_64 | 0.4 | 0.86 | 32.71 | 33.56 | NOTE | |
r-release-osx-x86_64-mavericks | 0.4 | NOTE | ||||
r-release-windows-ix86+x86_64 | 0.4 | 6.00 | 62.00 | 68.00 | NOTE | |
r-oldrel-windows-ix86+x86_64 | 0.4 | 6.00 | 59.00 | 65.00 | OK |
Version: 0.4
Check: R code for possible problems
Result: NOTE
bipoilogMLE: no visible global function definition for ‘optim’
bipoilogMLE: no visible global function definition for ‘write.table’
poilogMLE: no visible global function definition for ‘optim’
rbipoilog : sim: no visible global function definition for ‘rnorm’
rbipoilog : sim: no visible global function definition for ‘rpois’
rpoilog : sim: no visible global function definition for ‘rnorm’
rpoilog : sim: no visible global function definition for ‘rpois’
Undefined global functions or variables:
optim rnorm rpois write.table
Consider adding
importFrom("stats", "optim", "rnorm", "rpois")
importFrom("utils", "write.table")
to your NAMESPACE file.
Flavors: r-devel-linux-x86_64-debian-clang, r-devel-linux-x86_64-debian-gcc, r-devel-linux-x86_64-fedora-clang, r-devel-linux-x86_64-fedora-gcc, r-devel-macos-x86_64-clang, r-devel-windows-ix86+x86_64, r-patched-linux-x86_64, r-patched-solaris-sparc, r-patched-solaris-x86, r-release-linux-x86_64, r-release-osx-x86_64-mavericks, r-release-windows-ix86+x86_64