Last updated on 2016-10-24 23:48:27.
Flavor | Version | Tinstall | Tcheck | Ttotal | Status | Flags |
---|---|---|---|---|---|---|
r-devel-linux-x86_64-debian-clang | 0.2.1 | 0.90 | 50.19 | 51.10 | OK | |
r-devel-linux-x86_64-debian-gcc | 0.2.1 | 1.02 | 51.19 | 52.21 | OK | |
r-devel-linux-x86_64-fedora-clang | 0.2.1 | 35.30 | OK | |||
r-devel-linux-x86_64-fedora-gcc | 0.2.1 | 33.18 | OK | |||
r-devel-macos-x86_64-clang | 0.2.1 | 28.01 | OK | |||
r-devel-windows-ix86+x86_64 | 0.2.1 | 5.00 | 49.00 | 54.00 | OK | |
r-patched-linux-x86_64 | 0.2.1 | 1.01 | 50.04 | 51.04 | OK | |
r-patched-solaris-sparc | 0.2.1 | 183.80 | OK | |||
r-patched-solaris-x86 | 0.2.1 | 40.40 | ERROR | |||
r-release-linux-x86_64 | 0.2.1 | 0.95 | 49.75 | 50.70 | OK | |
r-release-osx-x86_64-mavericks | 0.2.1 | OK | ||||
r-release-windows-ix86+x86_64 | 0.2.1 | 5.00 | 46.00 | 51.00 | OK | |
r-oldrel-windows-ix86+x86_64 | 0.2.1 | 5.00 | 46.00 | 51.00 | OK |
Version: 0.2.1
Check: tests
Result: ERROR
Running the tests in ‘tests/testthat.R’ failed.
Last 13 lines of output:
'help.start()' for an HTML browser interface to help.
Type 'q()' to quit R.
> library(testthat)
> library(postGIStools)
Loading required package: sp
>
> test_check("postGIStools")
*** caught segfault ***
address 7261686b, cause 'memory not mapped'
Error in doWithOneRestart(return(expr), restart) :
promise already under evaluation: recursive default argument reference or earlier problems?
Flavor: r-patched-solaris-x86