CRAN Package Check Results for Package profmem

Last updated on 2016-10-24 23:48:28.

Flavor Version Tinstall Tcheck Ttotal Status Flags
r-devel-linux-x86_64-debian-clang 0.4.0 0.55 12.04 12.59 OK
r-devel-linux-x86_64-debian-gcc 0.4.0 0.58 11.94 12.52 OK
r-devel-linux-x86_64-fedora-clang 0.4.0 22.47 OK
r-devel-linux-x86_64-fedora-gcc 0.4.0 21.41 OK
r-devel-macos-x86_64-clang 0.4.0 20.31 OK
r-devel-windows-ix86+x86_64 0.4.0 4.00 52.00 56.00 OK
r-patched-linux-x86_64 0.4.0 0.52 11.00 11.52 OK
r-patched-solaris-sparc 0.4.0 119.40 NOTE
r-patched-solaris-x86 0.4.0 28.80 NOTE
r-release-linux-x86_64 0.4.0 0.57 10.73 11.30 OK
r-release-osx-x86_64-mavericks 0.4.0 OK
r-release-windows-ix86+x86_64 0.4.0 4.00 33.00 37.00 OK
r-oldrel-windows-ix86+x86_64 0.4.0 4.00 41.00 45.00 OK

Check Details

Version: 0.4.0
Check: package dependencies
Result: NOTE
    Package suggested but not available for checking: ‘microbenchmark’
Flavors: r-patched-solaris-sparc, r-patched-solaris-x86