Last updated on 2016-10-24 23:48:28.
Flavor | Version | Tinstall | Tcheck | Ttotal | Status | Flags |
---|---|---|---|---|---|---|
r-devel-linux-x86_64-debian-clang | 1.5 | 28.18 | 13.12 | 41.30 | OK | |
r-devel-linux-x86_64-debian-gcc | 1.5 | 30.68 | 13.61 | 44.29 | OK | |
r-devel-linux-x86_64-fedora-clang | 1.5 | 74.85 | OK | |||
r-devel-linux-x86_64-fedora-gcc | 1.5 | 77.88 | OK | |||
r-devel-macos-x86_64-clang | 1.5 | 52.65 | OK | |||
r-devel-windows-ix86+x86_64 | 1.5 | 158.00 | 50.00 | 208.00 | OK | |
r-patched-linux-x86_64 | 1.5 | 25.31 | 12.43 | 37.73 | OK | |
r-patched-solaris-sparc | 1.5 | 390.40 | NOTE | |||
r-patched-solaris-x86 | 1.5 | 81.20 | NOTE | |||
r-release-linux-x86_64 | 1.5 | 25.33 | 12.15 | 37.49 | OK | |
r-release-osx-x86_64-mavericks | 1.5 | NOTE | ||||
r-release-windows-ix86+x86_64 | 1.5 | 142.00 | 46.00 | 188.00 | OK | |
r-oldrel-windows-ix86+x86_64 | 1.5 | 128.00 | 69.00 | 197.00 | OK |
Memtest notes: clang-UBSAN gcc6-UBSAN gcc7-UBSAN
Version: 1.5
Check: package dependencies
Result: NOTE
Package suggested but not available for checking: ‘RProtoBuf’
Flavors: r-patched-solaris-sparc, r-patched-solaris-x86
Version: 1.5
Check: Rd cross-references
Result: NOTE
Package unavailable to check Rd xrefs: ‘RProtoBuf’
Flavors: r-patched-solaris-sparc, r-patched-solaris-x86
Version: 1.5
Check: installed package size
Result: NOTE
installed size is 13.3Mb
sub-directories of 1Mb or more:
libs 13.3Mb
Flavor: r-release-osx-x86_64-mavericks