Last updated on 2016-10-24 23:48:28.
Flavor | Version | Tinstall | Tcheck | Ttotal | Status | Flags |
---|---|---|---|---|---|---|
r-devel-linux-x86_64-debian-clang | 1.1-3 | 1.92 | 36.86 | 38.78 | OK | --no-vignettes |
r-devel-linux-x86_64-debian-gcc | 1.1-3 | 1.77 | 36.79 | 38.55 | OK | --no-vignettes |
r-devel-linux-x86_64-fedora-clang | 1.1-3 | 840.20 | OK | |||
r-devel-linux-x86_64-fedora-gcc | 1.1-3 | 830.44 | OK | |||
r-devel-macos-x86_64-clang | 1.1-3 | 485.91 | OK | |||
r-devel-windows-ix86+x86_64 | 1.1-3 | 9.00 | 86.00 | 95.00 | OK | --no-vignettes |
r-patched-linux-x86_64 | 1.1-3 | 1.72 | 35.71 | 37.43 | OK | --no-vignettes |
r-patched-solaris-sparc | 1.1-3 | 414.30 | OK | --no-vignettes | ||
r-patched-solaris-x86 | 1.1-3 | 813.70 | OK | |||
r-release-linux-x86_64 | 1.1-3 | 1.72 | 36.53 | 38.25 | OK | --no-vignettes |
r-release-osx-x86_64-mavericks | 1.1-3 | NOTE | ||||
r-release-windows-ix86+x86_64 | 1.1-3 | 11.00 | 57.00 | 68.00 | OK | --no-vignettes |
r-oldrel-windows-ix86+x86_64 | 1.1-3 | 9.00 | 79.00 | 88.00 | OK | --no-vignettes |
Version: 1.1-3
Check: re-building of vignette outputs
Result: NOTE
Error in re-building vignettes:
...
input string 401 is invalid in this locale
Warning in grepl("(Rerun to get|biblatex.*\\(re\\)run)", readLines(log, :
input string 409 is invalid in this locale
Warning in grepl("(Rerun to get|biblatex.*\\(re\\)run)", readLines(log, :
input string 410 is invalid in this locale
Warning in grepl("(Rerun to get|biblatex.*\\(re\\)run)", readLines(log, :
input string 418 is invalid in this locale
Error in texi2dvi(file = file, pdf = TRUE, clean = clean, quiet = quiet, :
Running 'texi2dvi' on 'raschmix.tex' failed.
LaTeX errors:
! Undefined control sequence.
l.19 <82>`ss3<97>˹<ae><9b>L&^^Q<85>^^PQ<b9>\<9e>
<99><99><b1>,+<9d>N<c3><ee><a3>?^^H<82><bd><bd>=vhRJ<c4>.<9e><e7><e5>r<b9>C<93><f3><f8>X,<86><c9>^^]lj^^N;rN...
The control sequence at the end of the top line
of your error message was never \def'ed. If you have
! Undefined control sequence.
l.23 ...<b3><a8>nC!_<d7><ed><e8><be><89><f7>V<e8><8c>`<ee>l<f5><b0><9b><c3>^^Z<a5><94><c2>"<a0>͡&<f6><ab>8g<e5>\<e6>
<d4>\<9e><9a><ae><fa>ꝑ<ae>y<9d><b3><8d>߃<a2>///<c7><e3>qM<d3>\...
The control sequence at the end of the top line
of your error message was never \def'ed. If you have
! Undefined control sequence.
l.23 ...C!_<d7><ed><e8><be><89><f7>V<e8><8c>`<ee>l<f5><b0><9b><c3>^^Z<a5><94><c2>"<a0>͡&<f6><ab>8g<e5>\<e6><d4>\<9e>
<9a><ae><fa>ꝑ<ae>y<9d><b3><8d>߃<a2>//
Calls: buildVignettes -> texi2pdf -> texi2dvi
Execution halted
Flavor: r-release-osx-x86_64-mavericks