Last updated on 2016-10-24 23:48:28.
Flavor | Version | Tinstall | Tcheck | Ttotal | Status | Flags |
---|---|---|---|---|---|---|
r-devel-linux-x86_64-debian-clang | 2.0.0 | 34.86 | 16.63 | 51.49 | OK | |
r-devel-linux-x86_64-debian-gcc | 2.0.0 | 31.60 | 16.74 | 48.34 | OK | |
r-devel-linux-x86_64-fedora-clang | 2.0.0 | 107.80 | OK | |||
r-devel-linux-x86_64-fedora-gcc | 2.0.0 | 89.60 | OK | |||
r-devel-macos-x86_64-clang | 2.0.0 | 71.73 | OK | |||
r-devel-windows-ix86+x86_64 | 2.0.0 | 144.00 | 53.00 | 197.00 | OK | |
r-patched-linux-x86_64 | 2.0.0 | 27.46 | 16.01 | 43.47 | OK | |
r-patched-solaris-sparc | 2.0.0 | 102.80 | ERROR | |||
r-patched-solaris-x86 | 2.0.0 | 17.50 | ERROR | |||
r-release-linux-x86_64 | 2.0.0 | 27.58 | 15.63 | 43.21 | OK | |
r-release-osx-x86_64-mavericks | 2.0.0 | OK | ||||
r-release-windows-ix86+x86_64 | 2.0.0 | 149.00 | 50.00 | 199.00 | OK | |
r-oldrel-windows-ix86+x86_64 | 2.0.0 | 149.00 | 60.00 | 209.00 | OK |
Version: 2.0.0
Check: whether package can be installed
Result: ERROR
Installation failed.
Flavors: r-patched-solaris-sparc, r-patched-solaris-x86