Last updated on 2016-10-24 23:48:28.
Flavor | Version | Tinstall | Tcheck | Ttotal | Status | Flags |
---|---|---|---|---|---|---|
r-devel-linux-x86_64-debian-clang | 2016-01-03-1 | 1.39 | 15.55 | 16.93 | NOTE | |
r-devel-linux-x86_64-debian-gcc | 2016-01-03-1 | 1.34 | 15.65 | 16.99 | NOTE | |
r-devel-linux-x86_64-fedora-clang | 2016-01-03-1 | 27.93 | NOTE | |||
r-devel-linux-x86_64-fedora-gcc | 2016-01-03-1 | 26.35 | NOTE | |||
r-devel-macos-x86_64-clang | 2016-01-03-1 | 25.05 | NOTE | |||
r-devel-windows-ix86+x86_64 | 2016-01-03-1 | 7.00 | 50.00 | 57.00 | NOTE | |
r-patched-linux-x86_64 | 2016-01-03-1 | 1.31 | 14.01 | 15.33 | NOTE | |
r-patched-solaris-sparc | 2016-01-03-1 | 160.60 | NOTE | |||
r-patched-solaris-x86 | 2016-01-03-1 | 36.90 | NOTE | |||
r-release-linux-x86_64 | 2016-01-03-1 | 1.26 | 14.46 | 15.72 | NOTE | |
r-release-osx-x86_64-mavericks | 2016-01-03-1 | NOTE | ||||
r-release-windows-ix86+x86_64 | 2016-01-03-1 | 6.00 | 32.00 | 38.00 | NOTE | |
r-oldrel-windows-ix86+x86_64 | 2016-01-03-1 | 6.00 | 42.00 | 48.00 | NOTE |
Version: 2016-01-03-1
Check: installed package size
Result: NOTE
installed size is 12.0Mb
sub-directories of 1Mb or more:
data 11.8Mb
Flavors: r-devel-linux-x86_64-debian-clang, r-devel-linux-x86_64-debian-gcc, r-devel-linux-x86_64-fedora-clang, r-devel-linux-x86_64-fedora-gcc, r-devel-macos-x86_64-clang, r-devel-windows-ix86+x86_64, r-patched-linux-x86_64, r-patched-solaris-sparc, r-patched-solaris-x86, r-release-linux-x86_64, r-release-osx-x86_64-mavericks, r-release-windows-ix86+x86_64, r-oldrel-windows-ix86+x86_64