Last updated on 2016-10-24 23:48:29.
Flavor | Version | Tinstall | Tcheck | Ttotal | Status | Flags |
---|---|---|---|---|---|---|
r-devel-linux-x86_64-debian-clang | 2.1.1 | 3.26 | 43.93 | 47.19 | NOTE | |
r-devel-linux-x86_64-debian-gcc | 2.1.1 | 3.46 | 43.55 | 47.02 | NOTE | |
r-devel-linux-x86_64-fedora-clang | 2.1.1 | 85.48 | NOTE | |||
r-devel-linux-x86_64-fedora-gcc | 2.1.1 | 82.68 | NOTE | |||
r-devel-macos-x86_64-clang | 2.1.1 | 76.64 | NOTE | |||
r-devel-windows-ix86+x86_64 | 2.1.1 | 27.00 | 167.00 | 194.00 | NOTE | |
r-patched-linux-x86_64 | 2.1.1 | 3.84 | 42.13 | 45.97 | NOTE | |
r-patched-solaris-sparc | 2.1.1 | 502.10 | NOTE | |||
r-patched-solaris-x86 | 2.1.1 | 100.80 | NOTE | |||
r-release-linux-x86_64 | 2.1.1 | 3.40 | 41.93 | 45.33 | NOTE | |
r-release-osx-x86_64-mavericks | 2.1.1 | NOTE | ||||
r-release-windows-ix86+x86_64 | 2.1.1 | 21.00 | 157.00 | 178.00 | NOTE | |
r-oldrel-windows-ix86+x86_64 | 2.1.1 | 26.00 | 161.00 | 187.00 | NOTE |
Version: 2.1.1
Check: installed package size
Result: NOTE
installed size is 7.7Mb
sub-directories of 1Mb or more:
htmlwidgets 6.3Mb
Flavors: r-devel-linux-x86_64-debian-clang, r-devel-linux-x86_64-debian-gcc, r-devel-linux-x86_64-fedora-clang, r-devel-linux-x86_64-fedora-gcc, r-devel-macos-x86_64-clang, r-devel-windows-ix86+x86_64, r-patched-linux-x86_64, r-patched-solaris-sparc, r-patched-solaris-x86, r-release-linux-x86_64, r-release-osx-x86_64-mavericks, r-release-windows-ix86+x86_64, r-oldrel-windows-ix86+x86_64