CRAN Package Check Results for Package rDVR

Last updated on 2016-10-24 23:48:30.

Flavor Version Tinstall Tcheck Ttotal Status Flags
r-devel-linux-x86_64-debian-clang 0.1.1 0.97 14.31 15.28 NOTE
r-devel-linux-x86_64-debian-gcc 0.1.1 0.91 14.05 14.96 NOTE
r-devel-linux-x86_64-fedora-clang 0.1.1 27.82 NOTE
r-devel-linux-x86_64-fedora-gcc 0.1.1 26.15 NOTE
r-devel-macos-x86_64-clang 0.1.1 24.18 NOTE
r-devel-windows-ix86+x86_64 0.1.1 4.00 41.00 45.00 NOTE
r-patched-linux-x86_64 0.1.1 1.06 13.39 14.44 NOTE
r-patched-solaris-sparc 0.1.1 151.60 NOTE
r-patched-solaris-x86 0.1.1 34.90 NOTE
r-release-linux-x86_64 0.1.1 0.84 13.49 14.32 NOTE
r-release-osx-x86_64-mavericks 0.1.1 NOTE
r-release-windows-ix86+x86_64 0.1.1 6.00 28.00 34.00 NOTE
r-oldrel-windows-ix86+x86_64 0.1.1 6.00 42.00 48.00 NOTE

Check Details

Version: 0.1.1
Check: DESCRIPTION meta-information
Result: NOTE
    Malformed Title field: should not end in a period.
Flavors: r-devel-linux-x86_64-debian-clang, r-devel-linux-x86_64-debian-gcc, r-devel-linux-x86_64-fedora-clang, r-devel-linux-x86_64-fedora-gcc, r-devel-macos-x86_64-clang, r-devel-windows-ix86+x86_64, r-patched-linux-x86_64, r-patched-solaris-sparc, r-patched-solaris-x86, r-release-linux-x86_64, r-release-osx-x86_64-mavericks, r-release-windows-ix86+x86_64, r-oldrel-windows-ix86+x86_64

Version: 0.1.1
Check: S3 generic/method consistency
Result: NOTE
    Found the following apparent S3 methods exported but not registered:
     .DollarNames.rDVR
    See section ‘Registering S3 methods’ in the ‘Writing R Extensions’
    manual.
Flavors: r-devel-linux-x86_64-debian-clang, r-devel-linux-x86_64-debian-gcc, r-devel-linux-x86_64-fedora-clang, r-devel-linux-x86_64-fedora-gcc, r-devel-macos-x86_64-clang, r-patched-linux-x86_64, r-patched-solaris-sparc, r-patched-solaris-x86, r-release-linux-x86_64

Version: 0.1.1
Check: R code for possible problems
Result: NOTE
    checkForVServer: no visible global function definition for
     ‘download.file’
    Undefined global functions or variables:
     download.file
    Consider adding
     importFrom("utils", "download.file")
    to your NAMESPACE file.
Flavors: r-devel-linux-x86_64-debian-clang, r-devel-linux-x86_64-debian-gcc, r-devel-linux-x86_64-fedora-clang, r-devel-linux-x86_64-fedora-gcc, r-devel-macos-x86_64-clang, r-devel-windows-ix86+x86_64, r-patched-linux-x86_64, r-patched-solaris-sparc, r-patched-solaris-x86, r-release-linux-x86_64, r-release-osx-x86_64-mavericks, r-release-windows-ix86+x86_64